CRAN Package Check Results for Package VBJM

Last updated on 2024-04-12 15:56:42 CEST.

Flavor Version Tinstall Tcheck Ttotal Status Flags
r-devel-linux-x86_64-debian-clang 0.1.0 79.30 68.01 147.31 OK
r-devel-linux-x86_64-debian-gcc 0.1.0 65.14 52.09 117.23 OK
r-devel-linux-x86_64-fedora-clang 0.1.0 195.34 OK
r-devel-linux-x86_64-fedora-gcc 0.1.0 207.58 OK
r-devel-windows-x86_64 0.1.0 58.00 88.00 146.00 OK
r-patched-linux-x86_64 0.1.0 72.70 65.71 138.41 OK
r-release-linux-x86_64 0.1.0 80.60 67.81 148.41 OK
r-release-macos-arm64 0.1.0 61.00 NOTE
r-release-macos-x86_64 0.1.0 156.00 NOTE
r-release-windows-x86_64 0.1.0 78.00 99.00 177.00 OK
r-oldrel-macos-arm64 0.1.0 60.00 NOTE
r-oldrel-windows-x86_64 0.1.0 72.00 109.00 181.00 OK

Check Details

Version: 0.1.0
Check: installed package size
Result: NOTE installed size is 7.8Mb sub-directories of 1Mb or more: libs 7.5Mb Flavors: r-release-macos-arm64, r-release-macos-x86_64, r-oldrel-macos-arm64