CRAN Package Check Results for Package VBTree

Last updated on 2021-12-07 15:52:56 CET.

Flavor Version Tinstall Tcheck Ttotal Status Flags
r-devel-linux-x86_64-debian-clang 0.1.0 2.83 36.72 39.55 NOTE
r-devel-linux-x86_64-debian-gcc 0.1.0 2.07 29.24 31.31 NOTE
r-devel-linux-x86_64-fedora-clang 0.1.0 50.60 OK
r-devel-linux-x86_64-fedora-gcc 0.1.0 38.98 OK
r-devel-windows-x86_64-new-UL 0.1.0 10.00 69.00 79.00 NOTE
r-devel-windows-x86_64-new-TK 0.1.0 OK
r-devel-windows-x86_64-old 0.1.0 5.00 49.00 54.00 NOTE
r-patched-linux-x86_64 0.1.0 2.48 35.61 38.09 NOTE
r-release-linux-x86_64 0.1.0 2.64 35.21 37.85 NOTE
r-release-macos-arm64 0.1.0 OK
r-release-macos-x86_64 0.1.0 OK
r-release-windows-ix86+x86_64 0.1.0 6.00 47.00 53.00 NOTE
r-oldrel-macos-x86_64 0.1.0 OK
r-oldrel-windows-ix86+x86_64 0.1.0 6.00 55.00 61.00 NOTE

Check Details

Version: 0.1.0
Check: package vignettes
Result: NOTE
    Package vignette with placeholder title 'Vignette Title':
     'VBTree_vignette.Rmd'
Flavors: r-devel-linux-x86_64-debian-clang, r-devel-linux-x86_64-debian-gcc, r-devel-windows-x86_64-new-UL, r-devel-windows-x86_64-old, r-patched-linux-x86_64, r-release-linux-x86_64, r-release-windows-ix86+x86_64, r-oldrel-windows-ix86+x86_64