CRAN Package Check Results for Package VBTree

Last updated on 2024-06-13 15:48:43 CEST.

Flavor Version Tinstall Tcheck Ttotal Status Flags
r-devel-linux-x86_64-debian-clang 0.1.1 3.38 35.87 39.25 OK
r-devel-linux-x86_64-debian-gcc 0.1.1 2.51 28.14 30.65 NOTE
r-devel-linux-x86_64-fedora-clang 0.1.1 52.33 OK
r-devel-linux-x86_64-fedora-gcc 0.1.1 62.93 OK
r-devel-windows-x86_64 0.1.1 4.00 58.00 62.00 OK
r-patched-linux-x86_64 0.1.1 3.47 36.16 39.63 OK
r-release-linux-x86_64 0.1.1 3.26 36.55 39.81 OK
r-release-macos-arm64 0.1.1 26.00 OK
r-release-macos-x86_64 0.1.1 37.00 OK
r-release-windows-x86_64 0.1.1 4.00 59.00 63.00 OK
r-oldrel-macos-arm64 0.1.1 31.00 OK
r-oldrel-macos-x86_64 0.1.1 69.00 OK
r-oldrel-windows-x86_64 0.1.1 5.00 59.00 64.00 OK

Check Details

Version: 0.1.1
Check: package dependencies
Result: NOTE Package suggested but not available for checking: ‘testthat’ Flavor: r-devel-linux-x86_64-debian-gcc