CRAN Package Check Results for Package VBTree

Last updated on 2020-04-02 11:48:24 CEST.

Flavor Version Tinstall Tcheck Ttotal Status Flags
r-devel-linux-x86_64-debian-clang 0.1.0 3.01 26.97 29.98 NOTE
r-devel-linux-x86_64-debian-gcc 0.1.0 2.04 21.43 23.47 NOTE
r-devel-linux-x86_64-fedora-clang 0.1.0 36.80 OK
r-devel-linux-x86_64-fedora-gcc 0.1.0 36.20 OK
r-devel-windows-ix86+x86_64 0.1.0 7.00 36.00 43.00 NOTE
r-devel-windows-ix86+x86_64-gcc8 0.1.0 7.00 38.00 45.00 NOTE
r-patched-linux-x86_64 0.1.0 2.58 26.87 29.45 NOTE
r-patched-solaris-x86 0.1.0 54.90 OK
r-release-linux-x86_64 0.1.0 2.13 24.91 27.04 OK
r-release-windows-ix86+x86_64 0.1.0 5.00 43.00 48.00 OK
r-release-osx-x86_64 0.1.0 OK
r-oldrel-windows-ix86+x86_64 0.1.0 7.00 39.00 46.00 OK
r-oldrel-osx-x86_64 0.1.0 OK

Check Details

Version: 0.1.0
Check: package vignettes
Result: NOTE
    Package vignette with placeholder title 'Vignette Title':
     'VBTree_vignette.Rmd'
Flavors: r-devel-linux-x86_64-debian-clang, r-devel-linux-x86_64-debian-gcc, r-devel-windows-ix86+x86_64, r-devel-windows-ix86+x86_64-gcc8, r-patched-linux-x86_64