Last updated on 2023-02-06 02:52:53 CET.
Flavor | Version | Tinstall | Tcheck | Ttotal | Status | Flags |
---|---|---|---|---|---|---|
r-devel-linux-x86_64-debian-clang | 2.0.0 | 11.38 | 102.51 | 113.89 | NOTE | |
r-devel-linux-x86_64-debian-gcc | 2.0.0 | 10.07 | 75.46 | 85.53 | NOTE | |
r-devel-linux-x86_64-fedora-clang | 2.0.0 | 149.39 | NOTE | |||
r-devel-linux-x86_64-fedora-gcc | 2.0.0 | 138.72 | NOTE | |||
r-devel-windows-x86_64 | 2.0.0 | 17.00 | 132.00 | 149.00 | NOTE | |
r-patched-linux-x86_64 | 2.0.0 | 11.43 | 99.14 | 110.57 | NOTE | |
r-release-linux-x86_64 | 2.0.0 | 12.07 | 99.40 | 111.47 | NOTE | |
r-release-macos-arm64 | 2.0.0 | 40.00 | NOTE | |||
r-release-macos-x86_64 | 2.0.0 | 76.00 | NOTE | |||
r-release-windows-x86_64 | 2.0.0 | 22.00 | 142.00 | 164.00 | NOTE | |
r-oldrel-macos-arm64 | 2.0.0 | 43.00 | NOTE | |||
r-oldrel-macos-x86_64 | 2.0.0 | 91.00 | NOTE | |||
r-oldrel-windows-ix86+x86_64 | 2.0.0 | 30.00 | 127.00 | 157.00 | NOTE |
Version: 2.0.0
Check: LazyData
Result: NOTE
'LazyData' is specified without a 'data' directory
Flavors: r-devel-linux-x86_64-debian-clang, r-devel-linux-x86_64-debian-gcc, r-devel-linux-x86_64-fedora-clang, r-devel-linux-x86_64-fedora-gcc, r-devel-windows-x86_64, r-patched-linux-x86_64, r-release-linux-x86_64, r-release-macos-arm64, r-release-macos-x86_64, r-release-windows-x86_64, r-oldrel-macos-arm64, r-oldrel-macos-x86_64, r-oldrel-windows-ix86+x86_64