CRAN Package Check Results for Package VFS

Last updated on 2024-06-13 14:49:19 CEST.

Flavor Version Tinstall Tcheck Ttotal Status Flags
r-devel-linux-x86_64-debian-clang 1.0.2 3.82 47.78 51.60 OK
r-devel-linux-x86_64-debian-gcc 1.0.2 2.72 32.10 34.82 ERROR
r-devel-linux-x86_64-fedora-clang 1.0.2 64.55 OK
r-devel-linux-x86_64-fedora-gcc 1.0.2 74.72 OK
r-devel-windows-x86_64 1.0.2 4.00 66.00 70.00 OK
r-patched-linux-x86_64 1.0.2 4.31 45.23 49.54 OK
r-release-linux-x86_64 1.0.2 3.52 46.09 49.61 OK
r-release-macos-arm64 1.0.2 29.00 OK
r-release-macos-x86_64 1.0.2 56.00 OK
r-release-windows-x86_64 1.0.2 4.00 68.00 72.00 OK
r-oldrel-macos-arm64 1.0.2 31.00 OK
r-oldrel-macos-x86_64 1.0.2 46.00 OK
r-oldrel-windows-x86_64 1.0.2 5.00 89.00 94.00 OK

Check Details

Version: 1.0.2
Check: package dependencies
Result: NOTE Package suggested but not available for checking: ‘testthat’ Flavor: r-devel-linux-x86_64-debian-gcc

Version: 1.0.2
Check: tests
Result: ERROR Running ‘testthat.R’ [0s/1s] Running the tests in ‘tests/testthat.R’ failed. Complete output: > library(testthat) Error in library(testthat) : there is no package called 'testthat' Execution halted Flavor: r-devel-linux-x86_64-debian-gcc