Last updated on 2022-07-03 07:52:09 CEST.
Flavor | Version | Tinstall | Tcheck | Ttotal | Status | Flags |
---|---|---|---|---|---|---|
r-devel-linux-x86_64-debian-clang | 1.1-6 | 107.66 | 678.94 | 786.60 | NOTE | |
r-devel-linux-x86_64-debian-gcc | 1.1-6 | 89.28 | 479.52 | 568.80 | NOTE | |
r-devel-linux-x86_64-fedora-clang | 1.1-6 | 902.03 | NOTE | |||
r-devel-linux-x86_64-fedora-gcc | 1.1-6 | 908.25 | NOTE | |||
r-devel-windows-x86_64 | 1.1-6 | 466.00 | 693.00 | 1159.00 | NOTE | |
r-patched-linux-x86_64 | 1.1-6 | 126.37 | 609.24 | 735.61 | OK | |
r-release-linux-x86_64 | 1.1-6 | 101.93 | 614.54 | 716.47 | OK | |
r-release-macos-arm64 | 1.1-6 | 189.00 | NOTE | |||
r-release-macos-x86_64 | 1.1-6 | 286.00 | NOTE | |||
r-release-windows-x86_64 | 1.1-6 | 444.00 | 708.00 | 1152.00 | NOTE | |
r-oldrel-macos-arm64 | 1.1-6 | 180.00 | NOTE | |||
r-oldrel-macos-x86_64 | 1.1-6 | 258.00 | NOTE | |||
r-oldrel-windows-ix86+x86_64 | 1.1-6 | 198.00 | 969.00 | 1167.00 | NOTE |
Version: 1.1-6
Check: Rd files
Result: NOTE
checkRd: (-1) bisa.Rd:99: Escaped LaTeX specials: \&
checkRd: (-1) negbinomial.Rd:559: Escaped LaTeX specials: \&
Flavors: r-devel-linux-x86_64-debian-clang, r-devel-linux-x86_64-debian-gcc, r-devel-linux-x86_64-fedora-clang, r-devel-linux-x86_64-fedora-gcc, r-devel-windows-x86_64
Version: 1.1-6
Check: installed package size
Result: NOTE
installed size is 8.2Mb
sub-directories of 1Mb or more:
R 4.1Mb
help 2.9Mb
Flavors: r-devel-linux-x86_64-fedora-clang, r-devel-windows-x86_64, r-release-macos-arm64, r-release-macos-x86_64, r-release-windows-x86_64, r-oldrel-macos-arm64, r-oldrel-macos-x86_64, r-oldrel-windows-ix86+x86_64
Version: 1.1-6
Check: Rd cross-references
Result: NOTE
Undeclared package ‘car’ in Rd xrefs
Flavor: r-devel-linux-x86_64-fedora-clang