Last updated on 2023-03-28 22:56:54 CEST.
Flavor | Version | Tinstall | Tcheck | Ttotal | Status | Flags |
---|---|---|---|---|---|---|
r-devel-linux-x86_64-debian-clang | 1.1-8 | 108.53 | 733.23 | 841.76 | OK | |
r-devel-linux-x86_64-debian-gcc | 1.1-8 | 84.20 | 537.32 | 621.52 | OK | |
r-devel-linux-x86_64-fedora-clang | 1.1-8 | 1036.13 | NOTE | |||
r-devel-linux-x86_64-fedora-gcc | 1.1-8 | 1009.04 | OK | |||
r-patched-linux-x86_64 | 1.1-8 | 125.09 | 707.69 | 832.78 | OK | |
r-release-linux-x86_64 | 1.1-8 | 103.24 | 649.30 | 752.54 | OK | |
r-release-macos-arm64 | 1.1-8 | 198.00 | NOTE | |||
r-release-macos-x86_64 | 1.1-8 | 307.00 | NOTE | |||
r-release-windows-x86_64 | 1.1-8 | 518.00 | 844.00 | 1362.00 | NOTE | |
r-oldrel-macos-arm64 | 1.1-8 | 185.00 | NOTE | |||
r-oldrel-macos-x86_64 | 1.1-8 | 304.00 | NOTE | |||
r-oldrel-windows-ix86+x86_64 | 1.1-8 | 196.00 | 927.00 | 1123.00 | NOTE |
Version: 1.1-8
Check: installed package size
Result: NOTE
installed size is 7.9Mb
sub-directories of 1Mb or more:
R 4.1Mb
help 2.9Mb
Flavors: r-devel-linux-x86_64-fedora-clang, r-release-macos-arm64, r-release-macos-x86_64, r-release-windows-x86_64, r-oldrel-macos-arm64, r-oldrel-macos-x86_64, r-oldrel-windows-ix86+x86_64