CRAN Package Check Results for Package VGAM

Last updated on 2021-06-21 08:50:09 CEST.

Flavor Version Tinstall Tcheck Ttotal Status Flags
r-devel-linux-x86_64-debian-clang 1.1-5 101.16 597.36 698.52 OK
r-devel-linux-x86_64-debian-gcc 1.1-5 82.87 423.89 506.76 OK
r-devel-linux-x86_64-fedora-clang 1.1-5 833.27 NOTE
r-devel-linux-x86_64-fedora-gcc 1.1-5 832.05 OK
r-devel-windows-x86_64 1.1-5 156.00 643.00 799.00 NOTE
r-devel-windows-x86_64-gcc10-UCRT 1.1-5 NOTE
r-patched-linux-x86_64 1.1-5 114.00 568.82 682.82 OK
r-patched-solaris-x86 1.1-5 964.70 NOTE
r-release-linux-x86_64 1.1-5 90.57 571.37 661.94 OK
r-release-macos-arm64 1.1-5 NOTE
r-release-macos-x86_64 1.1-5 NOTE
r-release-windows-ix86+x86_64 1.1-5 181.00 709.00 890.00 NOTE
r-oldrel-macos-x86_64 1.1-5 NOTE
r-oldrel-windows-ix86+x86_64 1.1-5 147.00 0.00 147.00 NOTE

Check Details

Version: 1.1-5
Check: installed package size
Result: NOTE
     installed size is 8.1Mb
     sub-directories of 1Mb or more:
     R 3.9Mb
     help 2.8Mb
Flavors: r-devel-linux-x86_64-fedora-clang, r-devel-windows-x86_64, r-patched-solaris-x86, r-release-macos-arm64, r-release-macos-x86_64, r-release-windows-ix86+x86_64, r-oldrel-macos-x86_64, r-oldrel-windows-ix86+x86_64

Version: 1.1-5
Check: Rd cross-references
Result: NOTE
    Undeclared package ‘car’ in Rd xrefs
Flavor: r-devel-linux-x86_64-fedora-clang

Version: 1.1-5
Check: Rd cross-references
Result: NOTE
    Package unavailable to check Rd xrefs: 'car'
Flavor: r-devel-windows-x86_64-gcc10-UCRT