CRAN Package Check Results for Package VIFCP

Last updated on 2023-02-07 01:56:50 CET.

Flavor Version Tinstall Tcheck Ttotal Status Flags
r-devel-linux-x86_64-debian-clang 1.2 2.36 26.06 28.42 OK
r-devel-linux-x86_64-debian-gcc 1.2 1.94 19.19 21.13 OK
r-devel-linux-x86_64-fedora-clang 1.2 35.58 NOTE
r-devel-linux-x86_64-fedora-gcc 1.2 34.73 NOTE
r-devel-windows-x86_64 1.2 14.00 54.00 68.00 OK
r-patched-linux-x86_64 1.2 2.62 25.78 28.40 OK
r-release-linux-x86_64 1.2 1.94 25.26 27.20 OK
r-release-macos-arm64 1.2 16.00 OK
r-release-macos-x86_64 1.2 22.00 OK
r-release-windows-x86_64 1.2 6.00 47.00 53.00 OK
r-oldrel-macos-arm64 1.2 20.00 OK
r-oldrel-macos-x86_64 1.2 31.00 OK
r-oldrel-windows-ix86+x86_64 1.2 7.00 49.00 56.00 OK

Check Details

Version: 1.2
Check: compiled code
Result: NOTE
    File ‘VIFCP/libs/VIFCP.so’:
     Found no calls to: ‘R_registerRoutines’, ‘R_useDynamicSymbols’
    
    It is good practice to register native routines and to disable symbol
    search.
    
    See ‘Writing portable packages’ in the ‘Writing R Extensions’ manual.
Flavors: r-devel-linux-x86_64-fedora-clang, r-devel-linux-x86_64-fedora-gcc