CRAN Package Check Results for Package VIGoR

Last updated on 2020-08-05 08:51:00 CEST.

Flavor Version Tinstall Tcheck Ttotal Status Flags
r-devel-linux-x86_64-debian-clang 1.0 7.80 26.07 33.87 NOTE
r-devel-linux-x86_64-debian-gcc 1.0 5.88 20.38 26.26 NOTE
r-devel-linux-x86_64-fedora-clang 1.0 51.08 NOTE
r-devel-linux-x86_64-fedora-gcc 1.0 41.82 NOTE
r-devel-windows-ix86+x86_64 1.0 20.00 45.00 65.00 NOTE
r-patched-linux-x86_64 1.0 6.64 26.64 33.28 NOTE
r-patched-solaris-x86 1.0 73.20 NOTE
r-release-linux-x86_64 1.0 6.09 26.36 32.45 NOTE
r-release-macos-x86_64 1.0 NOTE
r-release-windows-ix86+x86_64 1.0 16.00 44.00 60.00 NOTE
r-oldrel-macos-x86_64 1.0 NOTE
r-oldrel-windows-ix86+x86_64 1.0 15.00 59.00 74.00 NOTE

Check Details

Version: 1.0
Check: R code for possible problems
Result: NOTE
    hyperpara: no visible binding for global variable 'var'
    hyperpara: no visible global function definition for 'hist'
    Undefined global functions or variables:
     hist var
    Consider adding
     importFrom("graphics", "hist")
     importFrom("stats", "var")
    to your NAMESPACE file.
Flavors: r-devel-linux-x86_64-debian-clang, r-devel-linux-x86_64-debian-gcc, r-devel-linux-x86_64-fedora-clang, r-devel-linux-x86_64-fedora-gcc, r-devel-windows-ix86+x86_64, r-patched-linux-x86_64, r-patched-solaris-x86, r-release-linux-x86_64, r-release-macos-x86_64, r-release-windows-ix86+x86_64, r-oldrel-macos-x86_64, r-oldrel-windows-ix86+x86_64

Version: 1.0
Check: compiled code
Result: NOTE
    File ‘VIGoR/libs/VIGoR.so’:
     Found no calls to: ‘R_registerRoutines’, ‘R_useDynamicSymbols’
    
    It is good practice to register native routines and to disable symbol
    search.
    
    See ‘Writing portable packages’ in the ‘Writing R Extensions’ manual.
Flavors: r-devel-linux-x86_64-fedora-clang, r-devel-linux-x86_64-fedora-gcc