CRAN Package Check Results for Package VIRF

Last updated on 2024-06-13 17:49:32 CEST.

Flavor Version Tinstall Tcheck Ttotal Status Flags
r-devel-linux-x86_64-debian-clang 0.1.0 15.45 135.60 151.05 NOTE
r-devel-linux-x86_64-debian-gcc 0.1.0 0.27 1.63 1.90 ERROR
r-devel-linux-x86_64-fedora-clang 0.1.0 179.64 NOTE
r-devel-linux-x86_64-fedora-gcc 0.1.0 175.36 NOTE
r-devel-windows-x86_64 0.1.0 16.00 105.00 121.00 NOTE
r-patched-linux-x86_64 0.1.0 15.23 128.86 144.09 NOTE
r-release-linux-x86_64 0.1.0 13.98 129.63 143.61 NOTE
r-release-macos-arm64 0.1.0 46.00 NOTE
r-release-macos-x86_64 0.1.0 75.00 NOTE
r-release-windows-x86_64 0.1.0 15.00 110.00 125.00 NOTE
r-oldrel-macos-arm64 0.1.0 58.00 NOTE
r-oldrel-macos-x86_64 0.1.0 98.00 NOTE
r-oldrel-windows-x86_64 0.1.0 19.00 148.00 167.00 NOTE

Check Details

Version: 0.1.0
Check: LazyData
Result: NOTE 'LazyData' is specified without a 'data' directory Flavors: r-devel-linux-x86_64-debian-clang, r-devel-linux-x86_64-fedora-clang, r-devel-linux-x86_64-fedora-gcc, r-devel-windows-x86_64, r-patched-linux-x86_64, r-release-linux-x86_64, r-release-macos-arm64, r-release-macos-x86_64, r-release-windows-x86_64, r-oldrel-macos-arm64, r-oldrel-macos-x86_64, r-oldrel-windows-x86_64

Version: 0.1.0
Check: package dependencies
Result: ERROR Packages required but not available: 'rmgarch', 'matlib' See section ‘The DESCRIPTION file’ in the ‘Writing R Extensions’ manual. Flavor: r-devel-linux-x86_64-debian-gcc