CRAN Package Check Results for Package VLF

Last updated on 2020-09-30 21:49:34 CEST.

Flavor Version Tinstall Tcheck Ttotal Status Flags
r-devel-linux-x86_64-debian-clang 1.0 8.67 65.24 73.91 NOTE
r-devel-linux-x86_64-debian-gcc 1.0 8.30 54.21 62.51 NOTE
r-devel-linux-x86_64-fedora-clang 1.0 109.27 NOTE
r-devel-linux-x86_64-fedora-gcc 1.0 94.80 NOTE
r-devel-windows-ix86+x86_64 1.0 17.00 103.00 120.00 NOTE
r-patched-linux-x86_64 1.0 9.34 63.05 72.39 NOTE
r-patched-solaris-x86 1.0 153.40 NOTE
r-release-linux-x86_64 1.0 7.86 63.87 71.73 NOTE
r-release-macos-x86_64 1.0 NOTE
r-release-windows-ix86+x86_64 1.0 14.00 78.00 92.00 NOTE
r-oldrel-macos-x86_64 1.0 NOTE
r-oldrel-windows-ix86+x86_64 1.0 14.00 109.00 123.00 NOTE

Check Details

Version: 1.0
Check: R code for possible problems
Result: NOTE
    Decile.Plot: no visible global function definition for 'barplot'
    Decile.Plot: no visible global function definition for 'axis'
    Sliding.Window: no visible global function definition for 'lines'
    Sliding.Window: no visible global function definition for 'legend'
    Undefined global functions or variables:
     axis barplot legend lines
    Consider adding
     importFrom("graphics", "axis", "barplot", "legend", "lines")
    to your NAMESPACE file.
Flavors: r-devel-linux-x86_64-debian-clang, r-devel-linux-x86_64-debian-gcc, r-devel-linux-x86_64-fedora-clang, r-devel-linux-x86_64-fedora-gcc, r-devel-windows-ix86+x86_64, r-patched-linux-x86_64, r-patched-solaris-x86, r-release-linux-x86_64, r-release-macos-x86_64, r-release-windows-ix86+x86_64

Version: 1.0
Check: R code for possible problems
Result: NOTE
    Decile.Plot: no visible global function definition for ‘barplot’
    Decile.Plot: no visible global function definition for ‘axis’
    Sliding.Window: no visible global function definition for ‘plot’
    Sliding.Window: no visible global function definition for ‘lines’
    Sliding.Window: no visible global function definition for ‘legend’
    Undefined global functions or variables:
     axis barplot legend lines plot
    Consider adding
     importFrom("graphics", "axis", "barplot", "legend", "lines", "plot")
    to your NAMESPACE file.
Flavors: r-oldrel-macos-x86_64, r-oldrel-windows-ix86+x86_64