CRAN Package Check Results for Package VSE

Last updated on 2019-08-20 05:47:20 CEST.

Flavor Version Tinstall Tcheck Ttotal Status Flags
r-devel-linux-x86_64-debian-clang 0.99 13.82 719.26 733.08 OK
r-devel-linux-x86_64-debian-gcc 0.99 14.07 528.35 542.42 OK
r-devel-linux-x86_64-fedora-clang 0.99 833.06 OK
r-devel-linux-x86_64-fedora-gcc 0.99 817.27 OK
r-devel-windows-ix86+x86_64 0.99 42.00 306.00 348.00 OK
r-patched-linux-x86_64 0.99 12.06 230.14 242.20 OK
r-patched-solaris-x86 0.99 431.80 OK
r-release-linux-x86_64 0.99 13.70 231.99 245.69 OK
r-release-windows-ix86+x86_64 0.99 37.00 222.00 259.00 OK
r-release-osx-x86_64 0.99 ERROR
r-oldrel-windows-ix86+x86_64 0.99 24.00 337.00 361.00 OK
r-oldrel-osx-x86_64 0.99 OK

Check Details

Version: 0.99
Check: package dependencies
Result: ERROR
    Packages required but not available: 'GenomicRanges', 'IRanges'
    
    See section ‘The DESCRIPTION file’ in the ‘Writing R Extensions’
    manual.
Flavor: r-release-osx-x86_64