CRAN Package Check Results for Package VSE

Last updated on 2019-06-16 10:46:51 CEST.

Flavor Version Tinstall Tcheck Ttotal Status Flags
r-devel-linux-x86_64-debian-clang 0.99 14.50 236.06 250.56 OK
r-devel-linux-x86_64-debian-gcc 0.99 11.72 180.63 192.35 OK
r-devel-linux-x86_64-fedora-clang 0.99 285.89 OK
r-devel-linux-x86_64-fedora-gcc 0.99 277.15 OK
r-devel-windows-ix86+x86_64 0.99 40.00 311.00 351.00 OK
r-patched-linux-x86_64 0.99 15.20 230.79 245.99 OK
r-patched-solaris-x86 0.99 433.90 OK
r-release-linux-x86_64 0.99 12.81 230.24 243.05 OK
r-release-windows-ix86+x86_64 0.99 29.00 392.00 421.00 OK
r-release-osx-x86_64 0.99 ERROR
r-oldrel-windows-ix86+x86_64 0.99 16.00 327.00 343.00 OK
r-oldrel-osx-x86_64 0.99 OK

Check Details

Version: 0.99
Check: package dependencies
Result: ERROR
    Packages required but not available: 'GenomicRanges', 'IRanges'
    
    See section ‘The DESCRIPTION file’ in the ‘Writing R Extensions’
    manual.
Flavor: r-release-osx-x86_64