CRAN Package Check Results for Package VSE

Last updated on 2020-07-04 14:48:46 CEST.

Flavor Version Tinstall Tcheck Ttotal Status Flags
r-devel-linux-x86_64-debian-clang 0.99 16.93 151.37 168.30 OK --no-vignettes
r-devel-linux-x86_64-debian-gcc 0.99 14.36 116.49 130.85 OK --no-vignettes
r-devel-linux-x86_64-fedora-clang 0.99 1847.94 OK
r-devel-linux-x86_64-fedora-gcc 0.99 1874.45 OK
r-devel-windows-ix86+x86_64 0.99 58.00 1799.00 1857.00 OK
r-patched-linux-x86_64 0.99 15.83 147.39 163.22 OK --no-vignettes
r-patched-solaris-x86 0.99 2148.60 OK
r-release-linux-x86_64 0.99 15.83 147.30 163.13 OK --no-vignettes
r-release-osx-x86_64 0.99 OK
r-release-windows-ix86+x86_64 0.99 35.00 1347.00 1382.00 OK
r-oldrel-osx-x86_64 0.99 ERROR
r-oldrel-windows-ix86+x86_64 0.99 42.00 0.00 42.00 FAIL

Check Details

Version: 0.99
Check: whether package can be installed
Result: ERROR
    Installation failed.
Flavor: r-oldrel-osx-x86_64

Version: 0.99
Check: re-building of vignette outputs
Result: FAIL
    Check process probably crashed or hung up for 20 minutes ... killed
    Most likely this happened in the example checks (?),
    if not, ignore the following last lines of example output:
    > ### Title: variantSetEnrichment
    > ### Aliases: variantSetEnrichment
    > ### Keywords: VSE
    >
    > ### ** Examples
    >
    > ## Not run:
    > ##D variantSetEnrichment(avs, mrvs, regions=samples)
    > ##D #We have included the output from our example analysis with the package. \
    > ##D You can load the example VariantSetEnrichment output by typing:
    > ##D load(file.path(system.file("extdata", "vse_output.Rda", package="VSE")))
    > ## End(Not run)
    >
    >
    >
    > ### * <FOOTER>
    > ###
    > cleanEx()
    > options(digits = 7L)
    > base::cat("Time elapsed: ", proc.time() - base::get("ptime", pos = 'CheckExEnv'),"\n")
    Time elapsed: 29.96 0.49 30.77 NA NA
    > grDevices::dev.off()
    null device
     1
    > ###
    > ### Local variables: ***
    > ### mode: outline-minor ***
    > ### outline-regexp: "\\(> \\)?### [*]+" ***
    > ### End: ***
    > quit('no')
    ======== End of example output (where/before crash/hang up occured ?) ========
Flavor: r-oldrel-windows-ix86+x86_64