CRAN Package Check Results for Package VarRedOpt

Last updated on 2022-08-15 02:53:57 CEST.

Flavor Version Tinstall Tcheck Ttotal Status Flags
r-devel-linux-x86_64-debian-clang 0.1.0 2.03 33.87 35.90 NOTE
r-devel-linux-x86_64-debian-gcc 0.1.0 1.78 25.52 27.30 NOTE
r-devel-linux-x86_64-fedora-clang 0.1.0 55.22 NOTE
r-devel-linux-x86_64-fedora-gcc 0.1.0 53.47 NOTE
r-devel-windows-x86_64 0.1.0 13.00 60.00 73.00 NOTE
r-patched-linux-x86_64 0.1.0 2.36 32.53 34.89 NOTE
r-release-linux-x86_64 0.1.0 2.44 32.12 34.56 NOTE
r-release-macos-arm64 0.1.0 18.00 NOTE
r-release-macos-x86_64 0.1.0 28.00 NOTE
r-release-windows-x86_64 0.1.0 5.00 59.00 64.00 NOTE
r-oldrel-macos-arm64 0.1.0 21.00 NOTE
r-oldrel-macos-x86_64 0.1.0 46.00 NOTE
r-oldrel-windows-ix86+x86_64 0.1.0 6.00 58.00 64.00 NOTE

Check Details

Version: 0.1.0
Check: LazyData
Result: NOTE
     'LazyData' is specified without a 'data' directory
Flavors: r-devel-linux-x86_64-debian-clang, r-devel-linux-x86_64-debian-gcc, r-devel-linux-x86_64-fedora-clang, r-devel-linux-x86_64-fedora-gcc, r-devel-windows-x86_64, r-patched-linux-x86_64, r-release-linux-x86_64, r-release-macos-arm64, r-release-macos-x86_64, r-release-windows-x86_64, r-oldrel-macos-arm64, r-oldrel-macos-x86_64, r-oldrel-windows-ix86+x86_64