Last updated on 2022-07-04 06:51:39 CEST.
Flavor | Version | Tinstall | Tcheck | Ttotal | Status | Flags |
---|---|---|---|---|---|---|
r-devel-linux-x86_64-debian-clang | 2.1.3.1 | 312.95 | 182.43 | 495.38 | OK | |
r-devel-linux-x86_64-debian-gcc | 2.1.3.1 | 257.32 | 117.18 | 374.50 | OK | |
r-devel-linux-x86_64-fedora-clang | 2.1.3.1 | 731.17 | NOTE | |||
r-devel-linux-x86_64-fedora-gcc | 2.1.3.1 | 631.68 | OK | |||
r-devel-windows-x86_64 | 2.1.3.1 | 267.00 | 226.00 | 493.00 | OK | |
r-patched-linux-x86_64 | 2.1.3.1 | 265.65 | 153.57 | 419.22 | OK | |
r-release-linux-x86_64 | 2.1.3.1 | 270.91 | 155.60 | 426.51 | OK | |
r-release-macos-arm64 | 2.1.3.1 | 148.00 | NOTE | |||
r-release-macos-x86_64 | 2.1.3.1 | 266.00 | NOTE | |||
r-release-windows-x86_64 | 2.1.3.1 | 269.00 | 321.00 | 590.00 | OK | |
r-oldrel-macos-arm64 | 2.1.3.1 | 192.00 | NOTE | |||
r-oldrel-macos-x86_64 | 2.1.3.1 | 281.00 | NOTE | |||
r-oldrel-windows-ix86+x86_64 | 2.1.3.1 | 792.00 | 284.00 | 1076.00 | OK |
Version: 2.1.3.1
Check: installed package size
Result: NOTE
installed size is 7.7Mb
sub-directories of 1Mb or more:
libs 7.0Mb
Flavors: r-devel-linux-x86_64-fedora-clang, r-release-macos-arm64, r-release-macos-x86_64, r-oldrel-macos-arm64, r-oldrel-macos-x86_64