CRAN Package Check Results for Package VarSelLCM

Last updated on 2020-02-28 18:47:28 CET.

Flavor Version Tinstall Tcheck Ttotal Status Flags
r-devel-linux-x86_64-debian-clang 2.1.3 299.18 144.25 443.43 NOTE
r-devel-linux-x86_64-debian-gcc 2.1.3 209.25 107.93 317.18 NOTE
r-devel-linux-x86_64-fedora-clang 2.1.3 604.89 NOTE
r-devel-linux-x86_64-fedora-gcc 2.1.3 583.89 NOTE
r-devel-windows-ix86+x86_64 2.1.3 515.00 204.00 719.00 NOTE
r-devel-windows-ix86+x86_64-gcc8 2.1.3 575.00 217.00 792.00 NOTE
r-patched-linux-x86_64 2.1.3 248.56 124.34 372.90 NOTE
r-patched-solaris-x86 2.1.3 536.60 NOTE
r-release-linux-x86_64 2.1.3 245.37 121.73 367.10 NOTE
r-release-windows-ix86+x86_64 2.1.3 526.00 291.00 817.00 NOTE
r-release-osx-x86_64 2.1.3 NOTE
r-oldrel-windows-ix86+x86_64 2.1.3 459.00 190.00 649.00 OK
r-oldrel-osx-x86_64 2.1.3 NOTE

Check Details

Version: 2.1.3
Check: line endings in C/C++/Fortran sources/headers
Result: NOTE
    Found the following sources/headers not terminated with a newline:
     inst/include/Algorithm.h
     inst/include/AlgorithmCategorical.h
     inst/include/AlgorithmContinuous.h
     inst/include/AlgorithmInteger.h
     inst/include/AlgorithmMixed.h
     inst/include/Data.h
     inst/include/DataCategorical.h
     inst/include/DataContinuous.h
     inst/include/DataInteger.h
     inst/include/DataMixed.h
     inst/include/Param.h
     inst/include/ParamCategorical.h
     inst/include/ParamContinuous.h
     inst/include/ParamInteger.h
     inst/include/ParamMixed.h
     inst/include/XEM.h
     inst/include/XEMCategorical.h
     inst/include/XEMContinuous.h
     inst/include/XEMInteger.h
     inst/include/XEMMixed.h
     inst/include/XEMPen.h
    Some compilers warn on such files.
Flavors: r-devel-linux-x86_64-debian-clang, r-devel-linux-x86_64-debian-gcc, r-devel-linux-x86_64-fedora-clang, r-devel-linux-x86_64-fedora-gcc, r-devel-windows-ix86+x86_64, r-devel-windows-ix86+x86_64-gcc8, r-patched-linux-x86_64, r-patched-solaris-x86, r-release-linux-x86_64, r-release-windows-ix86+x86_64, r-release-osx-x86_64

Version: 2.1.3
Check: installed package size
Result: NOTE
     installed size is 10.8Mb
     sub-directories of 1Mb or more:
     libs 10.0Mb
Flavors: r-devel-linux-x86_64-fedora-clang, r-release-osx-x86_64, r-oldrel-osx-x86_64