CRAN Package Check Results for Package VarSwapPrice

Last updated on 2021-02-28 14:48:24 CET.

Flavor Version Tinstall Tcheck Ttotal Status Flags
r-devel-linux-x86_64-debian-clang 1.0 1.94 21.61 23.55 NOTE
r-devel-linux-x86_64-debian-gcc 1.0 1.62 17.13 18.75 NOTE
r-devel-linux-x86_64-fedora-clang 1.0 39.20 NOTE
r-devel-linux-x86_64-fedora-gcc 1.0 29.00 NOTE
r-devel-windows-ix86+x86_64 1.0 4.00 27.00 31.00 NOTE
r-patched-linux-x86_64 1.0 1.84 21.37 23.21 NOTE
r-patched-solaris-x86 1.0 44.70 NOTE
r-release-linux-x86_64 1.0 1.88 21.11 22.99 NOTE
r-release-macos-x86_64 1.0 NOTE
r-release-windows-ix86+x86_64 1.0 3.00 31.00 34.00 NOTE
r-oldrel-macos-x86_64 1.0 NOTE
r-oldrel-windows-ix86+x86_64 1.0 4.00 35.00 39.00 NOTE

Check Details

Version: 1.0
Check: R code for possible problems
Result: NOTE
    black_scholes: no visible global function definition for 'pnorm'
    Undefined global functions or variables:
     pnorm
    Consider adding
     importFrom("stats", "pnorm")
    to your NAMESPACE file.
Flavors: r-devel-linux-x86_64-debian-clang, r-devel-linux-x86_64-debian-gcc, r-devel-linux-x86_64-fedora-clang, r-devel-linux-x86_64-fedora-gcc, r-devel-windows-ix86+x86_64, r-patched-linux-x86_64, r-patched-solaris-x86, r-release-linux-x86_64, r-release-macos-x86_64, r-release-windows-ix86+x86_64, r-oldrel-macos-x86_64, r-oldrel-windows-ix86+x86_64