CRAN Package Check Results for Package VedicDateTime

Last updated on 2022-12-08 19:49:50 CET.

Flavor Version Tinstall Tcheck Ttotal Status Flags
r-devel-linux-x86_64-debian-clang 0.1.1 3.05 42.19 45.24 OK
r-devel-linux-x86_64-debian-gcc 0.1.1 2.59 34.57 37.16 OK
r-devel-linux-x86_64-fedora-clang 0.1.1 68.85 OK
r-devel-linux-x86_64-fedora-gcc 0.1.1 78.18 OK
r-devel-windows-x86_64 0.1.1 18.00 85.00 103.00 OK
r-patched-linux-x86_64 0.1.1 3.14 41.38 44.52 OK
r-release-linux-x86_64 0.1.1 2.97 40.66 43.63 OK
r-release-macos-arm64 0.1.1 30.00 OK
r-release-macos-x86_64 0.1.1 31.00 OK
r-release-windows-x86_64 0.1.1 62.00 82.00 144.00 OK
r-oldrel-macos-arm64 0.1.1 22.00 OK
r-oldrel-macos-x86_64 0.1.1 37.00 OK
r-oldrel-windows-ix86+x86_64 0.1.1 9.00 61.00 70.00 WARN

Check Details

Version: 0.1.1
Check: re-building of vignette outputs
Result: WARN
    Error(s) in re-building vignettes:
    --- re-building 'VedicDateTime.Rmd' using rmarkdown
    Error: processing vignette 'VedicDateTime.Rmd' failed with diagnostics:
    Using a custom highlighting style requires Pandoc 2.0 and above
    --- failed re-building 'VedicDateTime.Rmd'
    
    SUMMARY: processing the following file failed:
     'VedicDateTime.Rmd'
    
    Error: Vignette re-building failed.
    Execution halted
Flavor: r-oldrel-windows-ix86+x86_64