CRAN Package Check Results for Package VoxR

Last updated on 2024-02-21 15:51:02 CET.

Flavor Version Tinstall Tcheck Ttotal Status Flags
r-devel-linux-x86_64-debian-clang 1.0.0 NOTE
r-devel-linux-x86_64-debian-gcc 1.0.0 3.62 69.06 72.68 NOTE
r-devel-linux-x86_64-fedora-clang 1.0.0 112.61 NOTE
r-devel-linux-x86_64-fedora-gcc 1.0.0 102.69 NOTE
r-devel-windows-x86_64 1.0.0 6.00 80.00 86.00 NOTE
r-patched-linux-x86_64 1.0.0 3.00 88.04 91.04 NOTE
r-release-linux-x86_64 1.0.0 2.78 87.20 89.98 NOTE
r-release-macos-arm64 1.0.0 32.00 NOTE
r-release-macos-x86_64 1.0.0 53.00 NOTE
r-release-windows-x86_64 1.0.0 7.00 93.00 100.00 NOTE
r-oldrel-macos-arm64 1.0.0 28.00 NOTE
r-oldrel-windows-x86_64 1.0.0 8.00 93.00 101.00 NOTE

Check Details

Version: 1.0.0
Check: LazyData
Result: NOTE 'LazyData' is specified without a 'data' directory Flavors: r-devel-linux-x86_64-debian-clang, r-devel-linux-x86_64-debian-gcc, r-devel-linux-x86_64-fedora-clang, r-devel-linux-x86_64-fedora-gcc, r-devel-windows-x86_64, r-patched-linux-x86_64, r-release-linux-x86_64, r-release-macos-arm64, r-release-macos-x86_64, r-release-windows-x86_64, r-oldrel-macos-arm64, r-oldrel-windows-x86_64