Last updated on 2023-06-03 12:57:08 CEST.
Flavor | Version | Tinstall | Tcheck | Ttotal | Status | Flags |
---|---|---|---|---|---|---|
r-devel-linux-x86_64-debian-clang | 0.1-7 | 2.46 | 24.69 | 27.15 | OK | |
r-devel-linux-x86_64-debian-gcc | 0.1-7 | 1.67 | 19.27 | 20.94 | OK | |
r-devel-linux-x86_64-fedora-clang | 0.1-7 | 33.64 | NOTE | |||
r-devel-linux-x86_64-fedora-gcc | 0.1-7 | 36.02 | OK | |||
r-devel-windows-x86_64 | 0.1-7 | 3.00 | 44.00 | 47.00 | OK | |
r-patched-linux-x86_64 | 0.1-7 | OK | ||||
r-release-linux-x86_64 | 0.1-7 | 2.17 | 23.69 | 25.86 | OK | |
r-release-macos-arm64 | 0.1-7 | 22.00 | OK | |||
r-release-macos-x86_64 | 0.1-7 | 25.00 | OK | |||
r-release-windows-x86_64 | 0.1-7 | 3.00 | 44.00 | 47.00 | OK | |
r-oldrel-macos-arm64 | 0.1-7 | 19.00 | OK | |||
r-oldrel-macos-x86_64 | 0.1-7 | 25.00 | OK | |||
r-oldrel-windows-x86_64 | 0.1-7 | 3.00 | 48.00 | 51.00 | OK |
Version: 0.1-7
Check: Rd cross-references
Result: NOTE
Undeclared package ‘RCurl’ in Rd xrefs
Flavor: r-devel-linux-x86_64-fedora-clang