CRAN Package Check Results for Package WCM

Last updated on 2024-06-23 15:53:40 CEST.

Flavor Version Tinstall Tcheck Ttotal Status Flags
r-devel-linux-x86_64-debian-clang 0.2.2 2.33 49.92 52.25 NOTE
r-devel-linux-x86_64-debian-gcc 0.2.2 1.20 36.51 37.71 NOTE
r-devel-linux-x86_64-fedora-clang 0.2.2 64.22 NOTE
r-devel-linux-x86_64-fedora-gcc 0.2.2 61.37 NOTE
r-devel-windows-x86_64 0.2.2 3.00 55.00 58.00 NOTE
r-patched-linux-x86_64 0.2.2 1.39 47.69 49.08 NOTE
r-release-linux-x86_64 0.2.2 1.76 48.28 50.04 NOTE
r-release-macos-arm64 0.2.2 22.00 NOTE
r-release-macos-x86_64 0.2.2 34.00 NOTE
r-release-windows-x86_64 0.2.2 3.00 56.00 59.00 NOTE
r-oldrel-macos-arm64 0.2.2 24.00 NOTE
r-oldrel-macos-x86_64 0.2.2 35.00 NOTE
r-oldrel-windows-x86_64 0.2.2 4.00 62.00 66.00 NOTE

Check Details

Version: 0.2.2
Check: LazyData
Result: NOTE 'LazyData' is specified without a 'data' directory Flavors: r-devel-linux-x86_64-debian-clang, r-devel-linux-x86_64-debian-gcc, r-devel-linux-x86_64-fedora-clang, r-devel-linux-x86_64-fedora-gcc, r-devel-windows-x86_64, r-patched-linux-x86_64, r-release-linux-x86_64, r-release-macos-arm64, r-release-macos-x86_64, r-release-windows-x86_64, r-oldrel-macos-arm64, r-oldrel-macos-x86_64, r-oldrel-windows-x86_64