CRAN Package Check Results for Package WCM

Last updated on 2020-04-01 07:51:26 CEST.

Flavor Version Tinstall Tcheck Ttotal Status Flags
r-devel-linux-x86_64-debian-clang 0.2.1 1.90 31.87 33.77 NOTE
r-devel-linux-x86_64-debian-gcc 0.2.1 1.43 25.13 26.56 NOTE
r-devel-linux-x86_64-fedora-clang 0.2.1 40.35 OK
r-devel-linux-x86_64-fedora-gcc 0.2.1 40.77 OK
r-devel-windows-ix86+x86_64 0.2.1 6.00 40.00 46.00 NOTE
r-devel-windows-ix86+x86_64-gcc8 0.2.1 7.00 43.00 50.00 NOTE
r-patched-linux-x86_64 0.2.1 2.10 31.60 33.70 NOTE
r-patched-solaris-x86 0.2.1 62.70 OK
r-release-linux-x86_64 0.2.1 1.44 28.67 30.11 OK
r-release-windows-ix86+x86_64 0.2.1 4.00 42.00 46.00 OK
r-release-osx-x86_64 0.2.1 OK
r-oldrel-windows-ix86+x86_64 0.2.1 3.00 60.00 63.00 OK
r-oldrel-osx-x86_64 0.2.1 OK

Additional issues

donttest

Check Details

Version: 0.2.1
Check: package vignettes
Result: NOTE
    Package vignette with placeholder title 'Vignette Title':
     'introduction.Rmd'
Flavors: r-devel-linux-x86_64-debian-clang, r-devel-linux-x86_64-debian-gcc, r-devel-windows-ix86+x86_64, r-devel-windows-ix86+x86_64-gcc8, r-patched-linux-x86_64