CRAN Package Check Results for Package WCM

Last updated on 2023-02-07 08:57:19 CET.

Flavor Version Tinstall Tcheck Ttotal Status Flags
r-devel-linux-x86_64-debian-clang 0.2.2 2.00 50.66 52.66 NOTE
r-devel-linux-x86_64-debian-gcc 0.2.2 1.36 36.90 38.26 NOTE
r-devel-linux-x86_64-fedora-clang 0.2.2 62.96 NOTE
r-devel-linux-x86_64-fedora-gcc 0.2.2 61.11 NOTE
r-devel-windows-x86_64 0.2.2 8.00 76.00 84.00 NOTE
r-patched-linux-x86_64 0.2.2 2.21 46.86 49.07 NOTE
r-release-linux-x86_64 0.2.2 1.92 49.42 51.34 NOTE
r-release-macos-arm64 0.2.2 23.00 NOTE
r-release-macos-x86_64 0.2.2 30.00 NOTE
r-release-windows-x86_64 0.2.2 9.00 81.00 90.00 NOTE
r-oldrel-macos-arm64 0.2.2 19.00 NOTE
r-oldrel-macos-x86_64 0.2.2 31.00 NOTE
r-oldrel-windows-ix86+x86_64 0.2.2 6.00 77.00 83.00 NOTE

Check Details

Version: 0.2.2
Check: LazyData
Result: NOTE
     'LazyData' is specified without a 'data' directory
Flavors: r-devel-linux-x86_64-debian-clang, r-devel-linux-x86_64-debian-gcc, r-devel-linux-x86_64-fedora-clang, r-devel-linux-x86_64-fedora-gcc, r-devel-windows-x86_64, r-patched-linux-x86_64, r-release-linux-x86_64, r-release-macos-arm64, r-release-macos-x86_64, r-release-windows-x86_64, r-oldrel-macos-arm64, r-oldrel-macos-x86_64, r-oldrel-windows-ix86+x86_64