Last updated on 2019-02-21 13:54:20 CET.
Flavor | Version | Tinstall | Tcheck | Ttotal | Status | Flags |
---|---|---|---|---|---|---|
r-devel-linux-x86_64-debian-clang | 2.5.1 | 1.64 | 21.47 | 23.11 | OK | |
r-devel-linux-x86_64-debian-gcc | 2.5.1 | 1.48 | 17.18 | 18.66 | OK | |
r-devel-linux-x86_64-fedora-clang | 2.5.1 | 29.03 | NOTE | |||
r-devel-linux-x86_64-fedora-gcc | 2.5.1 | 26.96 | NOTE | |||
r-devel-windows-ix86+x86_64 | 2.5.1 | 5.00 | 43.00 | 48.00 | OK | |
r-patched-linux-x86_64 | 2.5.1 | 1.28 | 20.01 | 21.29 | OK | |
r-patched-solaris-x86 | 2.5.1 | 42.40 | NOTE | |||
r-release-linux-x86_64 | 2.5.1 | OK | ||||
r-release-windows-ix86+x86_64 | 2.5.1 | 3.00 | 54.00 | 57.00 | OK | |
r-release-osx-x86_64 | 2.5.1 | NOTE | ||||
r-oldrel-windows-ix86+x86_64 | 2.5.1 | 3.00 | 46.00 | 49.00 | OK | |
r-oldrel-osx-x86_64 | 2.5.1 | NOTE |
Version: 2.5.1
Check: data for non-ASCII characters
Result: NOTE
Note: found 1462 marked UTF-8 strings
Flavors: r-devel-linux-x86_64-fedora-clang, r-devel-linux-x86_64-fedora-gcc, r-patched-solaris-x86, r-release-osx-x86_64, r-oldrel-osx-x86_64