CRAN Package Check Results for Package WDI

Last updated on 2019-04-19 22:52:53 CEST.

Flavor Version Tinstall Tcheck Ttotal Status Flags
r-devel-linux-x86_64-debian-clang 2.6.0 2.11 21.33 23.44 OK
r-devel-linux-x86_64-debian-gcc 2.6.0 1.91 17.47 19.38 OK
r-devel-linux-x86_64-fedora-clang 2.6.0 28.83 NOTE
r-devel-linux-x86_64-fedora-gcc 2.6.0 27.48 NOTE
r-devel-windows-ix86+x86_64 2.6.0 8.00 38.00 46.00 OK
r-patched-linux-x86_64 2.6.0 2.14 21.35 23.49 OK
r-patched-solaris-x86 2.6.0 46.30 NOTE
r-release-linux-x86_64 2.6.0 1.32 20.19 21.51 OK
r-release-windows-ix86+x86_64 2.6.0 3.00 57.00 60.00 OK
r-release-osx-x86_64 2.6.0 NOTE
r-oldrel-windows-ix86+x86_64 2.6.0 3.00 46.00 49.00 OK
r-oldrel-osx-x86_64 2.6.0 NOTE

Check Details

Version: 2.6.0
Check: data for non-ASCII characters
Result: NOTE
     Note: found 1442 marked UTF-8 strings
Flavors: r-devel-linux-x86_64-fedora-clang, r-devel-linux-x86_64-fedora-gcc, r-patched-solaris-x86, r-release-osx-x86_64, r-oldrel-osx-x86_64