CRAN Package Check Results for Package WDI

Last updated on 2021-05-06 00:47:59 CEST.

Flavor Version Tinstall Tcheck Ttotal Status Flags
r-devel-linux-x86_64-debian-clang 2.7.4 2.56 26.86 29.42 OK
r-devel-linux-x86_64-debian-gcc 2.7.4 2.21 21.25 23.46 OK
r-devel-linux-x86_64-fedora-clang 2.7.4 46.10 NOTE
r-devel-linux-x86_64-fedora-gcc 2.7.4 37.11 NOTE
r-devel-windows-ix86+x86_64 2.7.4 5.00 39.00 44.00 OK
r-devel-windows-x86_64-gcc10-UCRT 2.7.4 NOTE
r-patched-linux-x86_64 2.7.4 2.55 26.48 29.03 OK
r-patched-solaris-x86 2.7.4 57.70 NOTE
r-release-linux-x86_64 2.7.4 2.88 26.22 29.10 OK
r-release-macos-x86_64 2.7.4 NOTE
r-release-windows-ix86+x86_64 2.7.4 4.00 32.00 36.00 OK
r-oldrel-macos-x86_64 2.7.4 NOTE
r-oldrel-windows-ix86+x86_64 2.7.4 10.00 39.00 49.00 OK

Check Details

Version: 2.7.4
Check: data for non-ASCII characters
Result: NOTE
     Note: found 1537 marked UTF-8 strings
Flavors: r-devel-linux-x86_64-fedora-clang, r-devel-linux-x86_64-fedora-gcc, r-devel-windows-x86_64-gcc10-UCRT, r-patched-solaris-x86, r-release-macos-x86_64, r-oldrel-macos-x86_64