CRAN Package Check Results for Package WDI

Last updated on 2019-08-21 03:51:01 CEST.

Flavor Version Tinstall Tcheck Ttotal Status Flags
r-devel-linux-x86_64-debian-clang 2.6.0 2.43 21.43 23.86 OK
r-devel-linux-x86_64-debian-gcc 2.6.0 2.20 17.55 19.75 OK
r-devel-linux-x86_64-fedora-clang 2.6.0 30.93 NOTE
r-devel-linux-x86_64-fedora-gcc 2.6.0 28.82 NOTE
r-devel-windows-ix86+x86_64 2.6.0 8.00 48.00 56.00 OK
r-patched-linux-x86_64 2.6.0 2.38 21.41 23.79 OK
r-patched-solaris-x86 2.6.0 49.70 NOTE
r-release-linux-x86_64 2.6.0 2.46 21.41 23.87 OK
r-release-windows-ix86+x86_64 2.6.0 5.00 41.00 46.00 OK
r-release-osx-x86_64 2.6.0 NOTE
r-oldrel-windows-ix86+x86_64 2.6.0 13.00 53.00 66.00 OK
r-oldrel-osx-x86_64 2.6.0 NOTE

Check Details

Version: 2.6.0
Check: data for non-ASCII characters
Result: NOTE
     Note: found 1442 marked UTF-8 strings
Flavors: r-devel-linux-x86_64-fedora-clang, r-devel-linux-x86_64-fedora-gcc, r-patched-solaris-x86, r-release-osx-x86_64, r-oldrel-osx-x86_64