CRAN Package Check Results for Package WDI

Last updated on 2022-10-02 18:51:03 CEST.

Flavor Version Tinstall Tcheck Ttotal Status Flags
r-devel-linux-x86_64-debian-clang 2.7.8 3.01 26.50 29.51 OK
r-devel-linux-x86_64-debian-gcc 2.7.8 2.25 20.61 22.86 OK
r-devel-linux-x86_64-fedora-clang 2.7.8 48.04 NOTE
r-devel-linux-x86_64-fedora-gcc 2.7.8 46.32 NOTE
r-devel-windows-x86_64 2.7.8 12.00 53.00 65.00 OK
r-patched-linux-x86_64 2.7.8 2.62 25.27 27.89 OK
r-release-linux-x86_64 2.7.8 2.53 25.38 27.91 OK
r-release-macos-arm64 2.7.8 24.00 NOTE
r-release-macos-x86_64 2.7.8 23.00 NOTE
r-release-windows-x86_64 2.7.8 12.00 51.00 63.00 OK
r-oldrel-macos-arm64 2.7.8 26.00 NOTE
r-oldrel-macos-x86_64 2.7.8 26.00 NOTE
r-oldrel-windows-ix86+x86_64 2.7.8 7.00 47.00 54.00 OK

Check Details

Version: 2.7.8
Check: data for non-ASCII characters
Result: NOTE
     Note: found 1668 marked UTF-8 strings
Flavors: r-devel-linux-x86_64-fedora-clang, r-devel-linux-x86_64-fedora-gcc, r-release-macos-arm64, r-release-macos-x86_64, r-oldrel-macos-arm64, r-oldrel-macos-x86_64