CRAN Package Check Results for Package WEGE

Last updated on 2021-11-28 06:48:56 CET.

Flavor Version Tinstall Tcheck Ttotal Status Flags
r-devel-linux-x86_64-debian-clang 0.1.0 NOTE
r-devel-linux-x86_64-debian-gcc 0.1.0 21.62 171.53 193.15 NOTE
r-devel-linux-x86_64-fedora-clang 0.1.0 319.76 NOTE
r-devel-linux-x86_64-fedora-gcc 0.1.0 298.97 NOTE
r-devel-windows-x86_64-new-UL 0.1.0 41.00 330.00 371.00 NOTE
r-devel-windows-x86_64-new-TK 0.1.0 NOTE
r-devel-windows-x86_64-old 0.1.0 25.00 259.00 284.00 NOTE
r-patched-linux-x86_64 0.1.0 25.73 221.19 246.92 NOTE
r-patched-solaris-x86 0.1.0 374.20 NOTE
r-release-linux-x86_64 0.1.0 22.53 222.41 244.94 NOTE
r-release-macos-arm64 0.1.0 NOTE
r-release-macos-x86_64 0.1.0 NOTE
r-release-windows-ix86+x86_64 0.1.0 61.00 240.00 301.00 NOTE
r-oldrel-macos-x86_64 0.1.0 OK
r-oldrel-windows-ix86+x86_64 0.1.0 41.00 259.00 300.00 OK

Check Details

Version: 0.1.0
Check: LazyData
Result: NOTE
     'LazyData' is specified without a 'data' directory
Flavors: r-devel-linux-x86_64-debian-clang, r-devel-linux-x86_64-debian-gcc, r-devel-linux-x86_64-fedora-clang, r-devel-linux-x86_64-fedora-gcc, r-devel-windows-x86_64-new-UL, r-devel-windows-x86_64-new-TK, r-devel-windows-x86_64-old, r-patched-linux-x86_64, r-patched-solaris-x86, r-release-linux-x86_64, r-release-macos-arm64, r-release-macos-x86_64, r-release-windows-ix86+x86_64