CRAN Package Check Results for Package WGCNA

Last updated on 2022-08-18 23:58:41 CEST.

Flavor Version Tinstall Tcheck Ttotal Status Flags
r-devel-linux-x86_64-debian-clang 1.71 80.02 457.26 537.28 NOTE
r-devel-linux-x86_64-debian-gcc 1.71 64.18 334.99 399.17 NOTE
r-devel-linux-x86_64-fedora-clang 1.71 668.22 NOTE
r-devel-linux-x86_64-fedora-gcc 1.71 620.59 NOTE
r-devel-windows-x86_64 1.71 154.00 526.00 680.00 NOTE
r-patched-linux-x86_64 1.71 63.84 426.47 490.31 OK
r-release-linux-x86_64 1.71 OK
r-release-macos-arm64 1.71 165.00 NOTE
r-release-macos-x86_64 1.71 205.00 OK
r-release-windows-x86_64 1.71 163.00 525.00 688.00 OK
r-oldrel-macos-arm64 1.71 159.00 NOTE
r-oldrel-macos-x86_64 1.71 205.00 OK
r-oldrel-windows-ix86+x86_64 1.71 38.00 18.00 56.00 ERROR

Check Details

Version: 1.71
Check: Rd files
Result: NOTE
    checkRd: (-1) rgcolors.func.Rd:27: Escaped LaTeX specials: \#
Flavors: r-devel-linux-x86_64-debian-clang, r-devel-linux-x86_64-debian-gcc, r-devel-linux-x86_64-fedora-clang, r-devel-linux-x86_64-fedora-gcc, r-devel-windows-x86_64

Version: 1.71
Check: installed package size
Result: NOTE
     installed size is 5.2Mb
     sub-directories of 1Mb or more:
     R 2.1Mb
     libs 1.5Mb
Flavors: r-release-macos-arm64, r-oldrel-macos-arm64

Version: 1.71
Check: whether package can be installed
Result: ERROR
    Installation failed.
Flavor: r-oldrel-windows-ix86+x86_64