CRAN Package Check Results for Package WLreg

Last updated on 2021-12-06 15:52:25 CET.

Flavor Version Tinstall Tcheck Ttotal Status Flags
r-devel-linux-x86_64-debian-clang 1.0.0 8.67 70.77 79.44 NOTE
r-devel-linux-x86_64-debian-gcc 1.0.0 7.18 55.24 62.42 NOTE
r-devel-linux-x86_64-fedora-clang 1.0.0 97.18 NOTE
r-devel-linux-x86_64-fedora-gcc 1.0.0 86.73 NOTE
r-devel-windows-x86_64-new-UL 1.0.0 15.00 103.00 118.00 NOTE
r-devel-windows-x86_64-new-TK 1.0.0 NOTE
r-devel-windows-x86_64-old 1.0.0 13.00 64.00 77.00 NOTE
r-patched-linux-x86_64 1.0.0 7.85 60.60 68.45 NOTE
r-release-linux-x86_64 1.0.0 8.14 68.80 76.94 NOTE
r-release-macos-arm64 1.0.0 NOTE
r-release-macos-x86_64 1.0.0 NOTE
r-release-windows-ix86+x86_64 1.0.0 20.00 86.00 106.00 NOTE
r-oldrel-macos-x86_64 1.0.0 OK
r-oldrel-windows-ix86+x86_64 1.0.0 21.00 108.00 129.00 OK

Check Details

Version: 1.0.0
Check: LazyData
Result: NOTE
     'LazyData' is specified without a 'data' directory
Flavors: r-devel-linux-x86_64-debian-clang, r-devel-linux-x86_64-debian-gcc, r-devel-linux-x86_64-fedora-clang, r-devel-linux-x86_64-fedora-gcc, r-devel-windows-x86_64-new-UL, r-devel-windows-x86_64-new-TK, r-devel-windows-x86_64-old, r-patched-linux-x86_64, r-release-linux-x86_64, r-release-macos-arm64, r-release-macos-x86_64, r-release-windows-ix86+x86_64