Last updated on 2023-12-06 02:56:05 CET.
Flavor | Version | Tinstall | Tcheck | Ttotal | Status | Flags |
---|---|---|---|---|---|---|
r-devel-linux-x86_64-debian-clang | 1.0.0.1 | 6.99 | 67.34 | 74.33 | OK | |
r-devel-linux-x86_64-debian-gcc | 1.0.0.1 | 7.69 | 53.04 | 60.73 | OK | |
r-devel-linux-x86_64-fedora-clang | 1.0.0.1 | 95.55 | NOTE | |||
r-devel-linux-x86_64-fedora-gcc | 1.0.0.1 | 91.61 | OK | |||
r-devel-windows-x86_64 | 1.0.0.1 | 10.00 | 79.00 | 89.00 | OK | |
r-patched-linux-x86_64 | 1.0.0.1 | 7.77 | 66.96 | 74.73 | OK | |
r-release-linux-x86_64 | 1.0.0.1 | 9.62 | 66.68 | 76.30 | OK | |
r-release-macos-arm64 | 1.0.0.1 | 36.00 | OK | |||
r-release-macos-x86_64 | 1.0.0.1 | 57.00 | OK | |||
r-release-windows-x86_64 | 1.0.0.1 | 13.00 | 88.00 | 101.00 | OK | |
r-oldrel-macos-arm64 | 1.0.0.1 | 36.00 | OK | |||
r-oldrel-macos-x86_64 | 1.0.0.1 | 50.00 | OK | |||
r-oldrel-windows-x86_64 | 1.0.0.1 | 12.00 | 91.00 | 103.00 | OK |
Version: 1.0.0.1
Check: installed package size
Result: NOTE
installed size is 6.3Mb
sub-directories of 1Mb or more:
libs 6.2Mb
Flavor: r-devel-linux-x86_64-fedora-clang