CRAN Package Check Results for Package WMWssp

Last updated on 2021-04-23 01:50:21 CEST.

Flavor Version Tinstall Tcheck Ttotal Status Flags
r-devel-linux-x86_64-debian-clang 0.4.0 2.38 24.13 26.51 NOTE
r-devel-linux-x86_64-debian-gcc 0.4.0 1.71 18.94 20.65 NOTE
r-devel-linux-x86_64-fedora-clang 0.4.0 41.42 NOTE
r-devel-linux-x86_64-fedora-gcc 0.4.0 32.37 NOTE
r-devel-windows-ix86+x86_64 0.4.0 5.00 42.00 47.00 NOTE
r-devel-windows-x86_64-gcc10-UCRT 0.4.0 NOTE
r-patched-linux-x86_64 0.4.0 2.64 23.21 25.85 OK
r-patched-solaris-x86 0.4.0 48.30 OK
r-release-linux-x86_64 0.4.0 2.33 23.63 25.96 OK
r-release-macos-x86_64 0.4.0 OK
r-release-windows-ix86+x86_64 0.4.0 5.00 40.00 45.00 OK
r-oldrel-macos-x86_64 0.4.0 OK
r-oldrel-windows-ix86+x86_64 0.4.0 4.00 39.00 43.00 OK

Check Details

Version: 0.4.0
Check: LazyData
Result: NOTE
     'LazyData' is specified without a 'data' directory
Flavors: r-devel-linux-x86_64-debian-clang, r-devel-linux-x86_64-debian-gcc, r-devel-linux-x86_64-fedora-clang, r-devel-linux-x86_64-fedora-gcc, r-devel-windows-ix86+x86_64, r-devel-windows-x86_64-gcc10-UCRT