CRAN Package Check Results for Package WMWssp

Last updated on 2024-04-24 07:57:58 CEST.

Flavor Version Tinstall Tcheck Ttotal Status Flags
r-devel-linux-x86_64-debian-clang 0.4.0 2.85 25.20 28.05 NOTE
r-devel-linux-x86_64-debian-gcc 0.4.0 2.05 19.54 21.59 NOTE
r-devel-linux-x86_64-fedora-clang 0.4.0 35.80 NOTE
r-devel-linux-x86_64-fedora-gcc 0.4.0 34.19 NOTE
r-prerel-macos-arm64 0.4.0 15.00 NOTE
r-prerel-windows-x86_64 0.4.0 4.00 41.00 45.00 NOTE
r-patched-linux-x86_64 0.4.0 2.72 25.00 27.72 NOTE
r-release-linux-x86_64 0.4.0 2.42 25.07 27.49 NOTE
r-release-macos-arm64 0.4.0 14.00 NOTE
r-release-macos-x86_64 0.4.0 21.00 NOTE
r-release-windows-x86_64 0.4.0 3.00 41.00 44.00 NOTE
r-oldrel-macos-arm64 0.4.0 15.00 NOTE
r-oldrel-windows-x86_64 0.4.0 4.00 45.00 49.00 NOTE

Check Details

Version: 0.4.0
Check: LazyData
Result: NOTE 'LazyData' is specified without a 'data' directory Flavors: r-devel-linux-x86_64-debian-clang, r-devel-linux-x86_64-debian-gcc, r-devel-linux-x86_64-fedora-clang, r-devel-linux-x86_64-fedora-gcc, r-prerel-macos-arm64, r-prerel-windows-x86_64, r-patched-linux-x86_64, r-release-linux-x86_64, r-release-macos-arm64, r-release-macos-x86_64, r-release-windows-x86_64, r-oldrel-macos-arm64, r-oldrel-windows-x86_64