Last updated on 2023-06-07 15:01:04 CEST.
Flavor | Version | Tinstall | Tcheck | Ttotal | Status | Flags |
---|---|---|---|---|---|---|
r-devel-linux-x86_64-debian-clang | 0.4.0 | 2.89 | 24.69 | 27.58 | NOTE | |
r-devel-linux-x86_64-debian-gcc | 0.4.0 | 1.99 | 19.45 | 21.44 | NOTE | |
r-devel-linux-x86_64-fedora-clang | 0.4.0 | 34.43 | NOTE | |||
r-devel-linux-x86_64-fedora-gcc | 0.4.0 | 32.41 | NOTE | |||
r-devel-windows-x86_64 | 0.4.0 | 5.00 | 42.00 | 47.00 | NOTE | |
r-patched-linux-x86_64 | 0.4.0 | 1.93 | 23.95 | 25.88 | NOTE | |
r-release-linux-x86_64 | 0.4.0 | 2.52 | 23.92 | 26.44 | NOTE | |
r-release-macos-arm64 | 0.4.0 | 14.00 | NOTE | |||
r-release-macos-x86_64 | 0.4.0 | 21.00 | NOTE | |||
r-release-windows-x86_64 | 0.4.0 | 4.00 | 42.00 | 46.00 | NOTE | |
r-oldrel-macos-arm64 | 0.4.0 | 15.00 | NOTE | |||
r-oldrel-macos-x86_64 | 0.4.0 | 22.00 | NOTE | |||
r-oldrel-windows-x86_64 | 0.4.0 | 4.00 | 42.00 | 46.00 | NOTE |
Version: 0.4.0
Check: LazyData
Result: NOTE
'LazyData' is specified without a 'data' directory
Flavors: r-devel-linux-x86_64-debian-clang, r-devel-linux-x86_64-debian-gcc, r-devel-linux-x86_64-fedora-clang, r-devel-linux-x86_64-fedora-gcc, r-devel-windows-x86_64, r-patched-linux-x86_64, r-release-linux-x86_64, r-release-macos-arm64, r-release-macos-x86_64, r-release-windows-x86_64, r-oldrel-macos-arm64, r-oldrel-macos-x86_64, r-oldrel-windows-x86_64