CRAN Package Check Results for Package WPKDE

Last updated on 2022-10-05 20:55:17 CEST.

Flavor Version Tinstall Tcheck Ttotal Status Flags
r-devel-linux-x86_64-debian-clang 0.1 3.61 35.78 39.39 NOTE
r-devel-linux-x86_64-debian-gcc 0.1 3.44 28.75 32.19 NOTE
r-devel-linux-x86_64-fedora-clang 0.1 62.97 NOTE
r-devel-linux-x86_64-fedora-gcc 0.1 61.76 NOTE
r-devel-windows-x86_64 0.1 10.00 71.00 81.00 NOTE
r-patched-linux-x86_64 0.1 3.86 35.80 39.66 NOTE
r-release-linux-x86_64 0.1 3.33 35.82 39.15 NOTE
r-release-macos-arm64 0.1 22.00 NOTE
r-release-macos-x86_64 0.1 29.00 NOTE
r-release-windows-x86_64 0.1 8.00 62.00 70.00 NOTE
r-oldrel-macos-arm64 0.1 32.00 NOTE
r-oldrel-macos-x86_64 0.1 38.00 NOTE
r-oldrel-windows-ix86+x86_64 0.1 9.00 79.00 88.00 NOTE

Check Details

Version: 0.1
Check: LazyData
Result: NOTE
     'LazyData' is specified without a 'data' directory
Flavors: r-devel-linux-x86_64-debian-clang, r-devel-linux-x86_64-debian-gcc, r-devel-linux-x86_64-fedora-clang, r-devel-linux-x86_64-fedora-gcc, r-devel-windows-x86_64, r-patched-linux-x86_64, r-release-linux-x86_64, r-release-macos-arm64, r-release-macos-x86_64, r-release-windows-x86_64, r-oldrel-macos-arm64, r-oldrel-macos-x86_64, r-oldrel-windows-ix86+x86_64