CRAN Package Check Results for Package WPKDE

Last updated on 2023-12-01 18:51:31 CET.

Flavor Version Tinstall Tcheck Ttotal Status Flags
r-devel-linux-x86_64-debian-clang 0.1 3.80 35.00 38.80 NOTE
r-devel-linux-x86_64-debian-gcc 0.1 3.58 28.40 31.98 NOTE
r-devel-linux-x86_64-fedora-clang 0.1 50.37 NOTE
r-devel-linux-x86_64-fedora-gcc 0.1 49.58 NOTE
r-devel-windows-x86_64 0.1 5.00 56.00 61.00 NOTE
r-patched-linux-x86_64 0.1 3.93 34.91 38.84 NOTE
r-release-linux-x86_64 0.1 4.69 34.48 39.17 NOTE
r-release-macos-arm64 0.1 23.00 NOTE
r-release-macos-x86_64 0.1 34.00 NOTE
r-release-windows-x86_64 0.1 7.00 59.00 66.00 NOTE
r-oldrel-macos-arm64 0.1 24.00 NOTE
r-oldrel-macos-x86_64 0.1 29.00 NOTE
r-oldrel-windows-x86_64 0.1 9.00 58.00 67.00 NOTE

Check Details

Version: 0.1
Check: LazyData
Result: NOTE 'LazyData' is specified without a 'data' directory Flavors: r-devel-linux-x86_64-debian-clang, r-devel-linux-x86_64-debian-gcc, r-devel-linux-x86_64-fedora-clang, r-devel-linux-x86_64-fedora-gcc, r-devel-windows-x86_64, r-patched-linux-x86_64, r-release-linux-x86_64, r-release-macos-arm64, r-release-macos-x86_64, r-release-windows-x86_64, r-oldrel-macos-arm64, r-oldrel-macos-x86_64, r-oldrel-windows-x86_64