Last updated on 2021-02-26 19:51:06 CET.
Flavor | Version | Tinstall | Tcheck | Ttotal | Status | Flags |
---|---|---|---|---|---|---|
r-devel-linux-x86_64-debian-clang | 0.1.0 | 60.49 | 87.23 | 147.72 | OK | |
r-devel-linux-x86_64-debian-gcc | 0.1.0 | 36.51 | 66.33 | 102.84 | OK | |
r-devel-linux-x86_64-fedora-clang | 0.1.0 | 212.77 | NOTE | |||
r-devel-linux-x86_64-fedora-gcc | 0.1.0 | 180.14 | NOTE | |||
r-devel-windows-ix86+x86_64 | 0.1.0 | 96.00 | 116.00 | 212.00 | OK | |
r-patched-linux-x86_64 | 0.1.0 | 35.22 | 86.30 | 121.52 | OK | |
r-patched-solaris-x86 | 0.1.0 | 220.70 | NOTE | |||
r-release-linux-x86_64 | 0.1.0 | 34.67 | 86.64 | 121.31 | OK | |
r-release-macos-x86_64 | 0.1.0 | NOTE | ||||
r-release-windows-ix86+x86_64 | 0.1.0 | 142.00 | 167.00 | 309.00 | OK | |
r-oldrel-macos-x86_64 | 0.1.0 | NOTE | ||||
r-oldrel-windows-ix86+x86_64 | 0.1.0 | 90.00 | 115.00 | 205.00 | OK |
Version: 0.1.0
Check: dependencies in R code
Result: NOTE
Namespaces in Imports field not imported from:
‘fdadensity’ ‘locfit’ ‘locpol’ ‘modeest’
All declared Imports should be used.
Flavors: r-devel-linux-x86_64-fedora-clang, r-devel-linux-x86_64-fedora-gcc, r-patched-solaris-x86, r-release-macos-x86_64, r-oldrel-macos-x86_64