CRAN Package Check Results for Package WVPlots

Last updated on 2021-07-31 10:52:36 CEST.

Flavor Version Tinstall Tcheck Ttotal Status Flags
r-devel-linux-x86_64-debian-clang 1.3.2 12.45 192.97 205.42 OK
r-devel-linux-x86_64-debian-gcc 1.3.2 10.38 137.25 147.63 OK
r-devel-linux-x86_64-fedora-clang 1.3.2 244.27 OK
r-devel-linux-x86_64-fedora-gcc 1.3.2 232.67 OK
r-devel-windows-x86_64 1.3.2 18.00 220.00 238.00 OK
r-devel-windows-x86_64-gcc10-UCRT 1.3.2 OK
r-patched-linux-x86_64 1.3.2 OK
r-patched-solaris-x86 1.3.2 304.20 OK
r-release-linux-x86_64 1.3.2 13.19 176.47 189.66 OK
r-release-macos-arm64 1.3.2 WARN
r-release-macos-x86_64 1.3.2 OK
r-release-windows-ix86+x86_64 1.3.2 28.00 220.00 248.00 OK
r-oldrel-macos-x86_64 1.3.2 OK
r-oldrel-windows-ix86+x86_64 1.3.2 26.00 222.00 248.00 OK

Check Details

Version: 1.3.2
Check: re-building of vignette outputs
Result: WARN
    Error(s) in re-building vignettes:
     ...
    --- re-building ‘WVPlots_concept.Rmd’ using rmarkdown
    Warning in engine$weave(file, quiet = quiet, encoding = enc) :
     Pandoc (>= 1.12.3) not available. Falling back to R Markdown v1.
    Quitting from lines 21-26 (WVPlots_concept.Rmd)
    Error: processing vignette 'WVPlots_concept.Rmd' failed with diagnostics:
    polygon edge not found
    --- failed re-building ‘WVPlots_concept.Rmd’
    
    --- re-building ‘WVPlots_examples.Rmd’ using rmarkdown
    Warning in engine$weave(file, quiet = quiet, encoding = enc) :
     Pandoc (>= 1.12.3) not available. Falling back to R Markdown v1.
    Quitting from lines 36-37 (WVPlots_examples.Rmd)
    Error: processing vignette 'WVPlots_examples.Rmd' failed with diagnostics:
    polygon edge not found
    --- failed re-building ‘WVPlots_examples.Rmd’
    
    SUMMARY: processing the following files failed:
     ‘WVPlots_concept.Rmd’ ‘WVPlots_examples.Rmd’
    
    Error: Vignette re-building failed.
    Execution halted
Flavor: r-release-macos-arm64