CRAN Package Check Results for Package WVPlots

Last updated on 2020-02-19 04:50:18 CET.

Flavor Version Tinstall Tcheck Ttotal Status Flags
r-devel-linux-x86_64-debian-clang 1.2.3 11.21 164.31 175.52 WARN
r-devel-linux-x86_64-debian-gcc 1.2.3 10.68 132.12 142.80 OK
r-devel-linux-x86_64-fedora-clang 1.2.3 120.39 OK
r-devel-linux-x86_64-fedora-gcc 1.2.3 120.68 OK
r-devel-windows-ix86+x86_64 1.2.3 26.00 166.00 192.00 OK
r-devel-windows-ix86+x86_64-gcc8 1.2.3 29.00 240.00 269.00 OK
r-patched-linux-x86_64 1.2.3 9.68 155.35 165.03 OK
r-patched-solaris-x86 1.2.3 242.10 OK
r-release-linux-x86_64 1.2.3 10.52 156.18 166.70 OK
r-release-windows-ix86+x86_64 1.2.3 23.00 151.00 174.00 OK
r-release-osx-x86_64 1.2.3 OK
r-oldrel-windows-ix86+x86_64 1.2.3 13.00 158.00 171.00 WARN
r-oldrel-osx-x86_64 1.2.3 OK

Check Details

Version: 1.2.3
Check: re-building of vignette outputs
Result: WARN
    Error(s) in re-building vignettes:
     ...
    --- re-building 'WVPlots_concept.Rmd' using rmarkdown
    --- finished re-building 'WVPlots_concept.Rmd'
    
    --- re-building 'WVPlots_examples.Rmd' using rmarkdown
    Quitting from lines 191-211 (WVPlots_examples.Rmd)
    Error: processing vignette 'WVPlots_examples.Rmd' failed with diagnostics:
    no applicable method for 'droplevels' applied to an object of class "character"
    --- failed re-building 'WVPlots_examples.Rmd'
    
    SUMMARY: processing the following file failed:
     'WVPlots_examples.Rmd'
    
    Error: Vignette re-building failed.
    Execution halted
Flavor: r-devel-linux-x86_64-debian-clang

Version: 1.2.3
Check: whether package can be installed
Result: WARN
    Found the following significant warnings:
     Warning: S3 methods '[.fun_list', '[.grouped_df', 'all.equal.tbl_df', 'anti_join.data.frame', 'anti_join.tbl_df', 'arrange.data.frame', 'arrange.default', 'arrange.grouped_df', 'arrange.tbl_df', 'arrange_.data.frame', 'arrange_.tbl_df', 'as.data.frame.grouped_df', 'as.data.frame.rowwise_df', 'as.data.frame.tbl_cube', 'as.table.tbl_cube', 'as.tbl.data.frame', 'as.tbl.tbl', 'as.tbl_cube.array', 'as.tbl_cube.data.frame', 'as.tbl_cube.matrix', 'as.tbl_cube.table', 'as_tibble.grouped_df', 'as_tibble.tbl_cube', 'auto_copy.tbl_cube', 'auto_copy.tbl_df', 'cbind.grouped_df', 'collapse.data.frame', 'collect.data.frame', 'common_by.NULL', 'common_by.character', 'common_by.default', 'common_by.list', 'compute.data.frame', 'copy_to.DBIConnection', 'copy_to.src_local', 'default_missing.data.frame', 'default_missing.default', 'dim.tbl_cube', 'distinct.data.frame', 'distinct.default', 'distinct.grouped_df', 'distinct.tbl_df', 'distinct_.data.frame', 'distinct_.grouped_df', 'distinct_.tbl_df', 'do.NULL', 'do.da [... truncated]
Flavor: r-oldrel-windows-ix86+x86_64