CRAN Package Check Results for Package WWR

Last updated on 2022-01-23 12:05:29 CET.

Flavor Version Tinstall Tcheck Ttotal Status Flags
r-devel-linux-x86_64-debian-clang 1.2.2 4.80 38.67 43.47 NOTE
r-devel-linux-x86_64-debian-gcc 1.2.2 3.51 33.19 36.70 NOTE
r-devel-linux-x86_64-fedora-clang 1.2.2 53.78 NOTE
r-devel-linux-x86_64-fedora-gcc 1.2.2 43.29 NOTE
r-devel-windows-x86_64-new-UL 1.2.2 15.00 63.00 78.00 NOTE
r-devel-windows-x86_64-new-TK 1.2.2 NOTE
r-patched-linux-x86_64 1.2.2 4.60 37.76 42.36 NOTE
r-release-linux-x86_64 1.2.2 4.11 37.03 41.14 NOTE
r-release-macos-arm64 1.2.2 NOTE
r-release-macos-x86_64 1.2.2 NOTE
r-release-windows-ix86+x86_64 1.2.2 13.00 61.00 74.00 NOTE
r-oldrel-macos-x86_64 1.2.2 OK
r-oldrel-windows-ix86+x86_64 1.2.2 14.00 62.00 76.00 OK

Check Details

Version: 1.2.2
Check: LazyData
Result: NOTE
     'LazyData' is specified without a 'data' directory
Flavors: r-devel-linux-x86_64-debian-clang, r-devel-linux-x86_64-debian-gcc, r-devel-linux-x86_64-fedora-clang, r-devel-linux-x86_64-fedora-gcc, r-devel-windows-x86_64-new-UL, r-devel-windows-x86_64-new-TK, r-patched-linux-x86_64, r-release-linux-x86_64, r-release-macos-arm64, r-release-macos-x86_64, r-release-windows-ix86+x86_64