CRAN Package Check Results for Package WaveSampling

Last updated on 2019-12-10 21:47:53 CET.

Flavor Version Tinstall Tcheck Ttotal Status Flags
r-devel-linux-x86_64-debian-clang 0.1.0 124.22 69.98 194.20 OK
r-devel-linux-x86_64-debian-gcc 0.1.0 86.14 54.57 140.71 OK
r-devel-linux-x86_64-fedora-clang 0.1.0 271.96 NOTE
r-devel-linux-x86_64-fedora-gcc 0.1.0 262.76 OK
r-devel-windows-ix86+x86_64 0.1.0 244.00 141.00 385.00 OK
r-devel-windows-ix86+x86_64-gcc8 0.1.0 267.00 121.00 388.00 OK
r-patched-linux-x86_64 0.1.0 98.41 63.44 161.85 OK
r-patched-solaris-x86 0.1.0 265.40 OK
r-release-linux-x86_64 0.1.0 103.97 64.04 168.01 OK
r-release-windows-ix86+x86_64 0.1.0 222.00 98.00 320.00 OK
r-release-osx-x86_64 0.1.0 OK
r-oldrel-windows-ix86+x86_64 0.1.0 223.00 90.00 313.00 OK
r-oldrel-osx-x86_64 0.1.0 OK

Check Details

Version: 0.1.0
Check: installed package size
Result: NOTE
     installed size is 5.1Mb
     sub-directories of 1Mb or more:
     libs 4.9Mb
Flavor: r-devel-linux-x86_64-fedora-clang