CRAN Package Check Results for Package WaveSampling

Last updated on 2020-07-13 13:49:06 CEST.

Flavor Version Tinstall Tcheck Ttotal Status Flags
r-devel-linux-x86_64-debian-clang 0.1.1 146.38 71.27 217.65 OK
r-devel-linux-x86_64-debian-gcc 0.1.1 100.42 55.76 156.18 OK
r-devel-linux-x86_64-fedora-clang 0.1.1 301.58 NOTE
r-devel-linux-x86_64-fedora-gcc 0.1.1 279.98 OK
r-devel-windows-ix86+x86_64 0.1.1 335.00 140.00 475.00 OK
r-patched-linux-x86_64 0.1.1 111.71 69.60 181.31 OK
r-patched-solaris-x86 0.1.1 285.60 OK
r-release-linux-x86_64 0.1.1 107.30 69.52 176.82 OK
r-release-macos-x86_64 0.1.1 ERROR
r-release-windows-ix86+x86_64 0.1.1 344.00 139.00 483.00 OK
r-oldrel-macos-x86_64 0.1.1 OK
r-oldrel-windows-ix86+x86_64 0.1.1 317.00 97.00 414.00 OK

Check Details

Version: 0.1.1
Check: installed package size
Result: NOTE
     installed size is 5.8Mb
     sub-directories of 1Mb or more:
     libs 5.6Mb
Flavor: r-devel-linux-x86_64-fedora-clang

Version: 0.1.1
Check: whether package can be installed
Result: ERROR
    Installation failed.
Flavor: r-release-macos-x86_64