CRAN Package Check Results for Package WaveletArima

Last updated on 2022-05-18 10:53:05 CEST.

Flavor Version Tinstall Tcheck Ttotal Status Flags
r-devel-linux-x86_64-debian-clang 0.1.1 8.17 82.31 90.48 NOTE
r-devel-linux-x86_64-debian-gcc 0.1.1 5.45 61.06 66.51 NOTE
r-devel-linux-x86_64-fedora-clang 0.1.1 106.70 NOTE
r-devel-linux-x86_64-fedora-gcc 0.1.1 101.43 NOTE
r-devel-windows-x86_64 0.1.1 14.00 96.00 110.00 NOTE
r-patched-linux-x86_64 0.1.1 6.92 76.72 83.64 NOTE
r-release-linux-x86_64 0.1.1 6.82 77.80 84.62 NOTE
r-release-macos-arm64 0.1.1 29.00 NOTE
r-release-macos-x86_64 0.1.1 50.00 NOTE
r-release-windows-x86_64 0.1.1 15.00 91.00 106.00 NOTE
r-oldrel-macos-arm64 0.1.1 31.00 NOTE
r-oldrel-macos-x86_64 0.1.1 41.00 NOTE
r-oldrel-windows-ix86+x86_64 0.1.1 20.00 89.00 109.00 NOTE

Check Details

Version: 0.1.1
Check: LazyData
Result: NOTE
     'LazyData' is specified without a 'data' directory
Flavors: r-devel-linux-x86_64-debian-clang, r-devel-linux-x86_64-debian-gcc, r-devel-linux-x86_64-fedora-clang, r-devel-linux-x86_64-fedora-gcc, r-devel-windows-x86_64, r-patched-linux-x86_64, r-release-linux-x86_64, r-release-macos-arm64, r-release-macos-x86_64, r-release-windows-x86_64, r-oldrel-macos-arm64, r-oldrel-macos-x86_64, r-oldrel-windows-ix86+x86_64