CRAN Package Check Results for Package WaveletGARCH

Last updated on 2021-05-14 16:47:50 CEST.

Flavor Version Tinstall Tcheck Ttotal Status Flags
r-devel-linux-x86_64-debian-clang 0.1.1 11.68 114.27 125.95 NOTE
r-devel-linux-x86_64-debian-gcc 0.1.1 10.32 86.15 96.47 NOTE
r-devel-linux-x86_64-fedora-clang 0.1.1 158.83 NOTE
r-devel-linux-x86_64-fedora-gcc 0.1.1 146.11 NOTE
r-devel-windows-ix86+x86_64 0.1.1 32.00 133.00 165.00 NOTE
r-devel-windows-x86_64-gcc10-UCRT 0.1.1 NOTE
r-patched-linux-x86_64 0.1.1 11.80 106.92 118.72 NOTE
r-patched-solaris-x86 0.1.1 216.40 NOTE
r-release-linux-x86_64 0.1.1 11.20 104.16 115.36 OK
r-release-macos-x86_64 0.1.1 OK
r-release-windows-ix86+x86_64 0.1.1 24.00 137.00 161.00 OK
r-oldrel-macos-x86_64 0.1.1 OK
r-oldrel-windows-ix86+x86_64 0.1.1 26.00 0.00 26.00 ERROR

Check Details

Version: 0.1.1
Check: LazyData
Result: NOTE
     'LazyData' is specified without a 'data' directory
Flavors: r-devel-linux-x86_64-debian-clang, r-devel-linux-x86_64-debian-gcc, r-devel-linux-x86_64-fedora-clang, r-devel-linux-x86_64-fedora-gcc, r-devel-windows-ix86+x86_64, r-devel-windows-x86_64-gcc10-UCRT, r-patched-linux-x86_64, r-patched-solaris-x86

Version: 0.1.1
Check: whether package can be installed
Result: ERROR
    Installation failed.
    See for details.
    *
    Check process probably crashed or hung up for 20 minutes ... killed
    Most likely this happened in the example checks (?),
    if not, ignore the following last lines of example output:
    
    ======== End of example output (where/before crash/hang up occured ?) ========
Flavor: r-oldrel-windows-ix86+x86_64