CRAN Package Check Results for Package WaverR

Last updated on 2019-12-10 15:48:22 CET.

Flavor Version Tinstall Tcheck Ttotal Status Flags
r-devel-linux-x86_64-debian-clang 1.0 2.23 24.22 26.45 NOTE
r-devel-linux-x86_64-debian-gcc 1.0 1.76 18.36 20.12 NOTE
r-devel-linux-x86_64-fedora-clang 1.0 32.47 NOTE
r-devel-linux-x86_64-fedora-gcc 1.0 32.13 NOTE
r-devel-windows-ix86+x86_64 1.0 5.00 52.00 57.00 OK
r-devel-windows-ix86+x86_64-gcc8 1.0 4.00 39.00 43.00 OK
r-patched-linux-x86_64 1.0 1.60 22.25 23.85 OK
r-patched-solaris-x86 1.0 43.80 OK
r-release-linux-x86_64 1.0 1.82 22.48 24.30 OK
r-release-windows-ix86+x86_64 1.0 4.00 34.00 38.00 OK
r-release-osx-x86_64 1.0 OK
r-oldrel-windows-ix86+x86_64 1.0 2.00 29.00 31.00 OK
r-oldrel-osx-x86_64 1.0 OK

Check Details

Version: 1.0
Check: for non-standard things in the check directory
Result: NOTE
    Found the following files/directories:
     'ReconstructedData.txt' 'ReconstructedDataStDev.txt'
     'ResampledReconstructions.txt'
     'ResampledReconstructionsStandardVariation.txt'
Flavors: r-devel-linux-x86_64-debian-clang, r-devel-linux-x86_64-debian-gcc, r-devel-linux-x86_64-fedora-clang, r-devel-linux-x86_64-fedora-gcc