CRAN Package Check Results for Package WaverR

Last updated on 2019-08-20 16:48:18 CEST.

Flavor Version Tinstall Tcheck Ttotal Status Flags
r-devel-linux-x86_64-debian-clang 1.0 2.01 23.13 25.14 NOTE
r-devel-linux-x86_64-debian-gcc 1.0 1.68 17.94 19.62 NOTE
r-devel-linux-x86_64-fedora-clang 1.0 31.73 NOTE
r-devel-linux-x86_64-fedora-gcc 1.0 29.36 NOTE
r-devel-windows-ix86+x86_64 1.0 7.00 48.00 55.00 OK
r-patched-linux-x86_64 1.0 1.84 22.80 24.64 OK
r-patched-solaris-x86 1.0 45.60 OK
r-release-linux-x86_64 1.0 1.70 22.99 24.69 OK
r-release-windows-ix86+x86_64 1.0 4.00 32.00 36.00 OK
r-release-osx-x86_64 1.0 OK
r-oldrel-windows-ix86+x86_64 1.0 3.00 48.00 51.00 OK
r-oldrel-osx-x86_64 1.0 OK

Check Details

Version: 1.0
Check: for non-standard things in the check directory
Result: NOTE
    Found the following files/directories:
     'ReconstructedData.txt' 'ReconstructedDataStDev.txt'
     'ResampledReconstructions.txt'
     'ResampledReconstructionsStandardVariation.txt'
Flavors: r-devel-linux-x86_64-debian-clang, r-devel-linux-x86_64-debian-gcc, r-devel-linux-x86_64-fedora-clang, r-devel-linux-x86_64-fedora-gcc