CRAN Package Check Results for Package WeMix

Last updated on 2020-04-09 21:48:22 CEST.

Flavor Version Tinstall Tcheck Ttotal Status Flags
r-devel-linux-x86_64-debian-clang 3.1.3 15.76 242.81 258.57 OK
r-devel-linux-x86_64-debian-gcc 3.1.3 13.53 180.33 193.86 OK
r-devel-linux-x86_64-fedora-clang 3.1.3 297.69 OK
r-devel-linux-x86_64-fedora-gcc 3.1.3 322.87 OK
r-devel-windows-ix86+x86_64 3.1.3 32.00 254.00 286.00 OK
r-devel-windows-ix86+x86_64-gcc8 3.1.3 27.00 224.00 251.00 OK
r-patched-linux-x86_64 3.1.3 13.86 227.62 241.48 OK
r-patched-osx-x86_64 3.1.3 WARN
r-patched-solaris-x86 3.1.3 385.10 OK
r-release-linux-x86_64 3.1.3 12.69 200.96 213.65 OK
r-release-windows-ix86+x86_64 3.1.3 37.00 332.00 369.00 OK
r-release-osx-x86_64 3.1.3 OK
r-oldrel-windows-ix86+x86_64 3.1.3 25.00 310.00 335.00 OK
r-oldrel-osx-x86_64 3.1.3 OK

Check Details

Version: 3.1.3
Check: re-building of vignette outputs
Result: WARN
    Error(s) in re-building vignettes:
    --- re-building ‘Introduction_to_Mixed_Effects_Models_With_WeMix.Rmd’ using rmarkdown
    dyld: lazy symbol binding failed: Symbol not found: ____chkstk_darwin
     Referenced from: /usr/local/bin/pandoc (which was built for Mac OS X 10.15)
     Expected in: /usr/lib/libSystem.B.dylib
    
    dyld: Symbol not found: ____chkstk_darwin
     Referenced from: /usr/local/bin/pandoc (which was built for Mac OS X 10.15)
     Expected in: /usr/lib/libSystem.B.dylib
    
    Error: processing vignette 'Introduction_to_Mixed_Effects_Models_With_WeMix.Rmd' failed with diagnostics:
    pandoc document conversion failed with error 6
    --- failed re-building ‘Introduction_to_Mixed_Effects_Models_With_WeMix.Rmd’
    
    --- re-building ‘Weighted_Linear_Mixed_Effects_Models.Rmd’ using rmarkdown
    dyld: lazy symbol binding failed: Symbol not found: ____chkstk_darwin
     Referenced from: /usr/local/bin/pandoc (which was built for Mac OS X 10.15)
     Expected in: /usr/lib/libSystem.B.dylib
    
    dyld: Symbol not found: ____chkstk_darwin
     Referenced from: /usr/local/bin/pandoc (which was built for Mac OS X 10.15)
     Expected in: /usr/lib/libSystem.B.dylib
    
    Error: processing vignette 'Weighted_Linear_Mixed_Effects_Models.Rmd' failed with diagnostics:
    pandoc document conversion failed with error 6
    --- failed re-building ‘Weighted_Linear_Mixed_Effects_Models.Rmd’
    
    SUMMARY: processing the following files failed:
     ‘Introduction_to_Mixed_Effects_Models_With_WeMix.Rmd’
     ‘Weighted_Linear_Mixed_Effects_Models.Rmd’
    
    Error: Vignette re-building failed.
    Execution halted
Flavor: r-patched-osx-x86_64