CRAN Package Check Results for Package WeMix

Last updated on 2021-09-19 11:50:30 CEST.

Flavor Version Tinstall Tcheck Ttotal Status Flags
r-devel-linux-x86_64-debian-clang 3.1.8 16.74 290.50 307.24 OK
r-devel-linux-x86_64-debian-gcc 3.1.8 12.23 208.64 220.87 OK
r-devel-linux-x86_64-fedora-clang 3.1.8 351.56 OK
r-devel-linux-x86_64-fedora-gcc 3.1.8 345.53 OK
r-devel-windows-x86_64 3.1.8 21.00 282.00 303.00 OK
r-devel-windows-x86_64-gcc10-UCRT 3.1.8 ERROR
r-patched-linux-x86_64 3.1.8 18.07 271.13 289.20 OK
r-patched-solaris-x86 3.1.8 413.10 OK
r-release-linux-x86_64 3.1.8 16.52 271.66 288.18 OK
r-release-macos-arm64 3.1.8 OK
r-release-macos-x86_64 3.1.8 OK
r-release-windows-ix86+x86_64 3.1.8 35.00 315.00 350.00 OK
r-oldrel-macos-x86_64 3.1.8 OK
r-oldrel-windows-ix86+x86_64 3.1.8 38.00 337.00 375.00 OK

Check Details

Version: 3.1.8
Check: whether package can be installed
Result: WARN
    Found the following significant warnings:
     WARNING: installation-time patches will not be applied, could not get the patches index
Flavor: r-devel-windows-x86_64-gcc10-UCRT

Version: 3.1.8
Check: PDF version of manual
Result: WARN
    LaTeX errors when creating PDF version.
    This typically indicates Rd problems.
Flavor: r-devel-windows-x86_64-gcc10-UCRT

Version: 3.1.8
Check: PDF version of manual without hyperrefs or index
Result: ERROR
    Re-running with no redirection of stdout/stderr.
Flavor: r-devel-windows-x86_64-gcc10-UCRT