CRAN Package Check Results for Package WebPower

Last updated on 2022-01-23 12:05:29 CET.

Flavor Version Tinstall Tcheck Ttotal Status Flags
r-devel-linux-x86_64-debian-clang 0.6 11.88 107.72 119.60 OK
r-devel-linux-x86_64-debian-gcc 0.6 13.03 94.33 107.36 OK
r-devel-linux-x86_64-fedora-clang 0.6 151.09 OK
r-devel-linux-x86_64-fedora-gcc 0.6 139.75 OK
r-devel-windows-x86_64-new-UL 0.6 61.00 130.00 191.00 OK
r-devel-windows-x86_64-new-TK 0.6 ERROR
r-patched-linux-x86_64 0.6 12.15 104.75 116.90 OK
r-release-linux-x86_64 0.6 12.98 104.54 117.52 OK
r-release-macos-arm64 0.6 OK
r-release-macos-x86_64 0.6 OK
r-release-windows-ix86+x86_64 0.6 27.00 121.00 148.00 OK
r-oldrel-macos-x86_64 0.6 OK
r-oldrel-windows-ix86+x86_64 0.6 28.00 125.00 153.00 OK

Check Details

Version: 0.6
Check: package dependencies
Result: ERROR
    Package required but not available: 'lme4'
    
    See section 'The DESCRIPTION file' in the 'Writing R Extensions'
    manual.
Flavor: r-devel-windows-x86_64-new-TK