CRAN Package Check Results for Package WeightIt

Last updated on 2021-09-20 10:54:11 CEST.

Flavor Version Tinstall Tcheck Ttotal Status Flags
r-devel-linux-x86_64-debian-clang 0.12.0 14.16 154.58 168.74 OK
r-devel-linux-x86_64-debian-gcc 0.12.0 11.98 111.00 122.98 OK
r-devel-linux-x86_64-fedora-clang 0.12.0 204.58 OK
r-devel-linux-x86_64-fedora-gcc 0.12.0 194.01 OK
r-devel-windows-x86_64 0.12.0 14.00 131.00 145.00 OK
r-devel-windows-x86_64-gcc10-UCRT 0.12.0 ERROR
r-patched-linux-x86_64 0.12.0 14.99 145.95 160.94 OK
r-patched-solaris-x86 0.12.0 219.30 OK
r-release-linux-x86_64 0.12.0 10.02 146.76 156.78 OK
r-release-macos-arm64 0.12.0 OK
r-release-macos-x86_64 0.12.0 OK
r-release-windows-ix86+x86_64 0.12.0 29.00 174.00 203.00 OK
r-oldrel-macos-x86_64 0.12.0 OK
r-oldrel-windows-ix86+x86_64 0.12.0 27.00 181.00 208.00 OK

Check Details

Version: 0.12.0
Check: whether package can be installed
Result: WARN
    Found the following significant warnings:
     WARNING: installation-time patches will not be applied, could not get the patches index
Flavor: r-devel-windows-x86_64-gcc10-UCRT

Version: 0.12.0
Check: PDF version of manual
Result: WARN
    LaTeX errors when creating PDF version.
    This typically indicates Rd problems.
Flavor: r-devel-windows-x86_64-gcc10-UCRT

Version: 0.12.0
Check: PDF version of manual without hyperrefs or index
Result: ERROR
    Re-running with no redirection of stdout/stderr.
Flavor: r-devel-windows-x86_64-gcc10-UCRT