CRAN Package Check Results for Package WeightSVM

Last updated on 2021-06-19 13:53:38 CEST.

Flavor Version Tinstall Tcheck Ttotal Status Flags
r-devel-linux-x86_64-debian-clang 1.7-5 8.08 39.86 47.94 OK
r-devel-linux-x86_64-debian-gcc 1.7-5 5.63 30.80 36.43 OK
r-devel-linux-x86_64-fedora-clang 1.7-5 67.33 NOTE
r-devel-linux-x86_64-fedora-gcc 1.7-5 57.52 OK
r-devel-windows-x86_64 1.7-5 11.00 48.00 59.00 OK
r-devel-windows-x86_64-gcc10-UCRT 1.7-5 OK
r-patched-linux-x86_64 1.7-5 7.44 38.62 46.06 OK
r-patched-solaris-x86 1.7-5 83.60 OK
r-release-linux-x86_64 1.7-5 7.34 38.70 46.04 OK
r-release-macos-arm64 1.7-5 OK
r-release-macos-x86_64 1.7-5 OK
r-release-windows-ix86+x86_64 1.7-5 18.00 71.00 89.00 OK
r-oldrel-macos-x86_64 1.7-5 OK
r-oldrel-windows-ix86+x86_64 1.7-5 18.00 73.00 91.00 OK

Check Details

Version: 1.7-5
Check: Rd cross-references
Result: NOTE
    Undeclared package ‘slam’ in Rd xrefs
Flavor: r-devel-linux-x86_64-fedora-clang