CRAN Package Check Results for Package WeightedCluster

Last updated on 2022-11-28 20:59:44 CET.

Flavor Version Tinstall Tcheck Ttotal Status Flags
r-devel-linux-x86_64-debian-clang 1.6-0 17.15 202.14 219.29 WARN
r-devel-linux-x86_64-debian-gcc 1.6-0 13.81 154.09 167.90 WARN
r-devel-linux-x86_64-fedora-clang 1.6-0 282.05 WARN
r-devel-linux-x86_64-fedora-gcc 1.6-0 272.69 WARN
r-devel-windows-x86_64 1.6-0 61.00 322.00 383.00 OK
r-patched-linux-x86_64 1.6-0 18.80 195.60 214.40 OK
r-release-linux-x86_64 1.6-0 12.38 189.70 202.08 OK
r-release-macos-arm64 1.6-0 124.00 OK
r-release-macos-x86_64 1.6-0 190.00 OK
r-release-windows-x86_64 1.6-0 68.00 323.00 391.00 OK
r-oldrel-macos-arm64 1.6-0 140.00 OK
r-oldrel-macos-x86_64 1.6-0 153.00 OK
r-oldrel-windows-ix86+x86_64 1.6-0 40.00 306.00 346.00 OK

Check Details

Version: 1.6-0
Check: whether package can be installed
Result: WARN
    Found the following significant warnings:
     init.c:11:39: warning: a function declaration without a prototype is deprecated in all versions of C [-Wstrict-prototypes]
Flavors: r-devel-linux-x86_64-debian-clang, r-devel-linux-x86_64-fedora-clang

Version: 1.6-0
Check: whether package can be installed
Result: WARN
    Found the following significant warnings:
     init.c:11:1: warning: function declaration isn’t a prototype [-Wstrict-prototypes]
Flavors: r-devel-linux-x86_64-debian-gcc, r-devel-linux-x86_64-fedora-gcc