CRAN Package Check Results for Package WhopGenome

Last updated on 2020-02-21 09:51:47 CET.

Flavor Version Tinstall Tcheck Ttotal Status Flags
r-devel-linux-x86_64-debian-clang 0.9.7 26.66 32.20 58.86 WARN
r-devel-linux-x86_64-debian-gcc 0.9.7 17.14 25.29 42.43 WARN
r-devel-linux-x86_64-fedora-clang 0.9.7 82.26 WARN
r-devel-linux-x86_64-fedora-gcc 0.9.7 75.77 WARN
r-devel-windows-ix86+x86_64 0.9.7 118.00 58.00 176.00 OK
r-devel-windows-ix86+x86_64-gcc8 0.9.7 174.00 81.00 255.00 WARN
r-patched-linux-x86_64 0.9.7 20.05 29.74 49.79 WARN
r-patched-solaris-x86 0.9.7 117.90 OK
r-release-linux-x86_64 0.9.7 19.77 30.07 49.84 WARN
r-release-windows-ix86+x86_64 0.9.7 109.00 62.00 171.00 OK
r-release-osx-x86_64 0.9.7 WARN
r-oldrel-windows-ix86+x86_64 0.9.7 107.00 61.00 168.00 OK
r-oldrel-osx-x86_64 0.9.7 WARN

Additional issues

rchk

Check Details

Version: 0.9.7
Check: whether package can be installed
Result: WARN
    Found the following significant warnings:
     t_region.cpp:78:6: warning: 'this' pointer cannot be null in well-defined C++ code; comparison may be assumed to always evaluate to false [-Wtautological-undefined-compare]
     t_info.cpp:115:6: warning: 'this' pointer cannot be null in well-defined C++ code; comparison may be assumed to always evaluate to false [-Wtautological-undefined-compare]
     t_info.cpp:120:7: warning: reference cannot be bound to dereferenced null pointer in well-defined C++ code; comparison may be assumed to always evaluate to false [-Wtautological-undefined-compare]
     tabix/razf.c:106:12: warning: ignoring return value of function declared with 'warn_unused_result' attribute [-Wunused-result]
     tabix/razf.c:109:3: warning: ignoring return value of function declared with 'warn_unused_result' attribute [-Wunused-result]
     tabix/razf.c:116:2: warning: ignoring return value of function declared with 'warn_unused_result' attribute [-Wunused-result]
     tabix/razf.c:117:2: warning: ignoring return value of function declared with 'warn_unused_result' attribute [-Wunused-result]
     tabix/razf.c:134:2: warning: ignoring return value of function declared with 'warn_unused_result' attribute [-Wunused-result]
     tabix/razf.c:143:2: warning: ignoring return value of function declared with 'warn_unused_result' attribute [-Wunused-result]
     tabix/razf.c:149:2: warning: ignoring return value of function declared with 'warn_unused_result' attribute [-Wunused-result]
     tabix/razf.c:213:3: warning: ignoring return value of function declared with 'warn_unused_result' attribute [-Wunused-result]
     tabix/razf.c:233:3: warning: ignoring return value of function declared with 'warn_unused_result' attribute [-Wunused-result]
     tabix/razf.c:246:4: warning: ignoring return value of function declared with 'warn_unused_result' attribute [-Wunused-result]
     tabix/razf.c:270:4: warning: ignoring return value of function declared with 'warn_unused_result' attribute [-Wunused-result]
     tabix/razf.c:432:3: warning: ignoring return value of function declared with 'warn_unused_result' attribute [-Wunused-result]
     tabix/razf.c:440:3: warning: ignoring return value of function declared with 'warn_unused_result' attribute [-Wunused-result]
     tabix/razf.c:825:4: warning: ignoring return value of function declared with 'warn_unused_result' attribute [-Wunused-result]
     tabix/razf.c:826:4: warning: ignoring return value of function declared with 'warn_unused_result' attribute [-Wunused-result]
     tabix/razf.c:829:4: warning: ignoring return value of function declared with 'warn_unused_result' attribute [-Wunused-result]
     tabix/razf.c:831:4: warning: ignoring return value of function declared with 'warn_unused_result' attribute [-Wunused-result]
Flavor: r-devel-linux-x86_64-debian-clang

Version: 0.9.7
Check: whether package can be installed
Result: WARN
    Found the following significant warnings:
     tabix/razf.c:233:3: warning: ignoring return value of ‘write’, declared with attribute warn_unused_result [-Wunused-result]
     tabix/razf.c:246:4: warning: ignoring return value of ‘write’, declared with attribute warn_unused_result [-Wunused-result]
     tabix/razf.c:213:3: warning: ignoring return value of ‘write’, declared with attribute warn_unused_result [-Wunused-result]
     tabix/razf.c:432:3: warning: ignoring return value of ‘read’, declared with attribute warn_unused_result [-Wunused-result]
     tabix/razf.c:440:3: warning: ignoring return value of ‘read’, declared with attribute warn_unused_result [-Wunused-result]
     tabix/razf.c:134:2: warning: ignoring return value of ‘read’, declared with attribute warn_unused_result [-Wunused-result]
     tabix/razf.c:143:2: warning: ignoring return value of ‘read’, declared with attribute warn_unused_result [-Wunused-result]
     tabix/razf.c:149:2: warning: ignoring return value of ‘read’, declared with attribute warn_unused_result [-Wunused-result]
     tabix/razf.c:825:4: warning: ignoring return value of ‘write’, declared with attribute warn_unused_result [-Wunused-result]
     tabix/razf.c:826:4: warning: ignoring return value of ‘write’, declared with attribute warn_unused_result [-Wunused-result]
     tabix/razf.c:829:4: warning: ignoring return value of ‘write’, declared with attribute warn_unused_result [-Wunused-result]
     tabix/razf.c:831:4: warning: ignoring return value of ‘write’, declared with attribute warn_unused_result [-Wunused-result]
     tabix/razf.c:270:4: warning: ignoring return value of ‘write’, declared with attribute warn_unused_result [-Wunused-result]
     tabix/razf.c:106:12: warning: ignoring return value of ‘write’, declared with attribute warn_unused_result [-Wunused-result]
     tabix/razf.c:109:3: warning: ignoring return value of ‘write’, declared with attribute warn_unused_result [-Wunused-result]
     tabix/razf.c:116:2: warning: ignoring return value of ‘write’, declared with attribute warn_unused_result [-Wunused-result]
     tabix/razf.c:117:2: warning: ignoring return value of ‘write’, declared with attribute warn_unused_result [-Wunused-result]
Flavors: r-devel-linux-x86_64-debian-gcc, r-devel-linux-x86_64-fedora-gcc

Version: 0.9.7
Check: whether package can be installed
Result: WARN
    Found the following significant warnings:
     t_region.cpp:78:6: warning: 'this' pointer cannot be null in well-defined C++ code; comparison may be assumed to always evaluate to false [-Wtautological-undefined-compare]
     t_info.cpp:115:6: warning: 'this' pointer cannot be null in well-defined C++ code; comparison may be assumed to always evaluate to false [-Wtautological-undefined-compare]
     t_info.cpp:120:7: warning: reference cannot be bound to dereferenced null pointer in well-defined C++ code; comparison may be assumed to always evaluate to false [-Wtautological-undefined-compare]
Flavors: r-devel-linux-x86_64-fedora-clang, r-release-osx-x86_64, r-oldrel-osx-x86_64

Version: 0.9.7
Check: whether package can be installed
Result: WARN
    Found the following significant warnings:
     tabix/razf.c:188:2: warning: 'strncpy' output truncated before terminating nul copying 4 bytes from a string of the same length [-Wstringop-truncation]
Flavors: r-devel-windows-ix86+x86_64-gcc8, r-patched-linux-x86_64, r-release-linux-x86_64

Version: 0.9.7
Check: package dependencies
Result: NOTE
    Package suggested but not available for checking: ‘AnnotationDbi’
Flavor: r-release-osx-x86_64