CRAN Package Check Results for Package WorldFlora

Last updated on 2020-10-28 13:47:16 CET.

Flavor Version Tinstall Tcheck Ttotal Status Flags
r-devel-linux-x86_64-debian-clang 1.7 3.25 26.56 29.81 OK
r-devel-linux-x86_64-debian-gcc 1.7 2.56 20.68 23.24 OK
r-devel-linux-x86_64-fedora-clang 1.7 44.77 NOTE
r-devel-linux-x86_64-fedora-gcc 1.7 35.26 NOTE
r-devel-windows-ix86+x86_64 1.7 7.00 40.00 47.00 OK
r-patched-linux-x86_64 1.7 OK
r-patched-solaris-x86 1.7 51.70 NOTE
r-release-linux-x86_64 1.7 3.19 25.53 28.72 OK
r-release-macos-x86_64 1.7 NOTE
r-release-windows-ix86+x86_64 1.7 5.00 33.00 38.00 OK
r-oldrel-macos-x86_64 1.7 NOTE
r-oldrel-windows-ix86+x86_64 1.7 12.00 39.00 51.00 OK

Check Details

Version: 1.7
Check: data for non-ASCII characters
Result: NOTE
     Note: found 2 marked UTF-8 strings
Flavors: r-devel-linux-x86_64-fedora-clang, r-devel-linux-x86_64-fedora-gcc, r-patched-solaris-x86, r-release-macos-x86_64, r-oldrel-macos-x86_64