CRAN Package Check Results for Package WrightMap

Last updated on 2021-09-20 05:50:29 CEST.

Flavor Version Tinstall Tcheck Ttotal Status Flags
r-devel-linux-x86_64-debian-clang 1.2.3 3.72 36.05 39.77 OK
r-devel-linux-x86_64-debian-gcc 1.2.3 3.46 27.52 30.98 OK
r-devel-linux-x86_64-fedora-clang 1.2.3 56.29 OK
r-devel-linux-x86_64-fedora-gcc 1.2.3 45.80 OK
r-devel-windows-x86_64 1.2.3 6.00 38.00 44.00 OK
r-devel-windows-x86_64-gcc10-UCRT 1.2.3 ERROR
r-patched-linux-x86_64 1.2.3 4.25 34.65 38.90 OK
r-patched-solaris-x86 1.2.3 64.40 OK
r-release-linux-x86_64 1.2.3 4.78 34.42 39.20 OK
r-release-macos-arm64 1.2.3 OK
r-release-macos-x86_64 1.2.3 OK
r-release-windows-ix86+x86_64 1.2.3 8.00 48.00 56.00 OK
r-oldrel-macos-x86_64 1.2.3 OK
r-oldrel-windows-ix86+x86_64 1.2.3 8.00 47.00 55.00 OK

Check Details

Version: 1.2.3
Check: whether package can be installed
Result: WARN
    Found the following significant warnings:
     WARNING: installation-time patches will not be applied, could not get the patches index
Flavor: r-devel-windows-x86_64-gcc10-UCRT

Version: 1.2.3
Check: PDF version of manual
Result: WARN
    LaTeX errors when creating PDF version.
    This typically indicates Rd problems.
Flavor: r-devel-windows-x86_64-gcc10-UCRT

Version: 1.2.3
Check: PDF version of manual without hyperrefs or index
Result: ERROR
    Re-running with no redirection of stdout/stderr.
Flavor: r-devel-windows-x86_64-gcc10-UCRT