CRAN Package Check Results for Package XBRL

Last updated on 2020-12-05 23:48:01 CET.

Flavor Version Tinstall Tcheck Ttotal Status Flags
r-devel-linux-x86_64-debian-clang 0.99.18 111.00 30.35 141.35 NOTE
r-devel-linux-x86_64-debian-gcc 0.99.18 68.29 24.45 92.74 NOTE
r-devel-linux-x86_64-fedora-clang 0.99.18 208.85 NOTE
r-devel-linux-x86_64-fedora-gcc 0.99.18 170.60 NOTE
r-devel-windows-ix86+x86_64 0.99.18 257.00 74.00 331.00 NOTE
r-patched-linux-x86_64 0.99.18 83.69 28.62 112.31 NOTE
r-patched-solaris-x86 0.99.18 169.90 NOTE
r-release-linux-x86_64 0.99.18 85.84 29.30 115.14 NOTE
r-release-macos-x86_64 0.99.18 NOTE
r-release-windows-ix86+x86_64 0.99.18 254.00 61.00 315.00 NOTE
r-oldrel-macos-x86_64 0.99.18 NOTE
r-oldrel-windows-ix86+x86_64 0.99.18 232.00 75.00 307.00 NOTE

Check Details

Version: 0.99.18
Check: top-level files
Result: NOTE
    Found a 'configure.in' file: 'configure.ac' has long been preferred.
     Output from running autoreconf:
     aclocal: warning: autoconf input should be named 'configure.ac', not 'configure.in'
Flavors: r-devel-linux-x86_64-debian-clang, r-devel-linux-x86_64-debian-gcc, r-devel-linux-x86_64-fedora-clang, r-devel-linux-x86_64-fedora-gcc, r-patched-linux-x86_64, r-release-linux-x86_64

Version: 0.99.18
Check: installed package size
Result: NOTE
     installed size is 6.2Mb
     sub-directories of 1Mb or more:
     libs 6.1Mb
Flavors: r-devel-windows-ix86+x86_64, r-release-macos-x86_64, r-release-windows-ix86+x86_64, r-oldrel-windows-ix86+x86_64

Version: 0.99.18
Check: top-level files
Result: NOTE
    Found a 'configure.in' file: 'configure.ac' has long been preferred.
Flavors: r-devel-windows-ix86+x86_64, r-patched-solaris-x86, r-release-macos-x86_64, r-release-windows-ix86+x86_64, r-oldrel-macos-x86_64, r-oldrel-windows-ix86+x86_64