CRAN Package Check Results for Package XICOR

Last updated on 2020-07-03 15:48:15 CEST.

Flavor Version Tinstall Tcheck Ttotal Status Flags
r-devel-linux-x86_64-debian-clang 0.3.3 2.13 23.21 25.34 OK
r-devel-linux-x86_64-debian-gcc 0.3.3 1.58 18.36 19.94 OK
r-devel-linux-x86_64-fedora-clang 0.3.3 39.19 NOTE
r-devel-linux-x86_64-fedora-gcc 0.3.3 29.46 NOTE
r-devel-windows-ix86+x86_64 0.3.3 8.00 46.00 54.00 OK
r-patched-linux-x86_64 0.3.3 2.22 23.37 25.59 OK
r-patched-solaris-x86 0.3.3 44.80 NOTE
r-release-linux-x86_64 0.3.3 2.19 23.11 25.30 OK
r-release-osx-x86_64 0.3.3 NOTE
r-release-windows-ix86+x86_64 0.3.3 5.00 37.00 42.00 OK
r-oldrel-osx-x86_64 0.3.3 NOTE
r-oldrel-windows-ix86+x86_64 0.3.3 4.00 48.00 52.00 OK

Check Details

Version: 0.3.3
Check: dependencies in R code
Result: NOTE
    Namespace in Imports field not imported from: ‘psychTools’
     All declared Imports should be used.
Flavors: r-devel-linux-x86_64-fedora-clang, r-devel-linux-x86_64-fedora-gcc, r-patched-solaris-x86, r-release-osx-x86_64, r-oldrel-osx-x86_64