CRAN Package Check Results for Package XKCDdata

Last updated on 2019-09-18 20:47:05 CEST.

Flavor Version Tinstall Tcheck Ttotal Status Flags
r-devel-linux-x86_64-debian-clang 0.1.0 3.16 30.98 34.14 OK
r-devel-linux-x86_64-debian-gcc 0.1.0 2.76 24.41 27.17 OK
r-devel-linux-x86_64-fedora-clang 0.1.0 42.95 NOTE
r-devel-linux-x86_64-fedora-gcc 0.1.0 41.43 NOTE
r-devel-windows-ix86+x86_64 0.1.0 18.00 67.00 85.00 OK
r-patched-linux-x86_64 0.1.0 3.02 30.26 33.28 OK
r-patched-solaris-x86 0.1.0 66.30 NOTE
r-release-linux-x86_64 0.1.0 3.00 30.25 33.25 OK
r-release-windows-ix86+x86_64 0.1.0 9.00 47.00 56.00 OK
r-release-osx-x86_64 0.1.0 NOTE
r-oldrel-windows-ix86+x86_64 0.1.0 5.00 46.00 51.00 OK
r-oldrel-osx-x86_64 0.1.0 NOTE

Check Details

Version: 0.1.0
Check: dependencies in R code
Result: NOTE
    Namespace in Imports field not imported from: ‘tibble’
     All declared Imports should be used.
Flavors: r-devel-linux-x86_64-fedora-clang, r-devel-linux-x86_64-fedora-gcc, r-patched-solaris-x86, r-release-osx-x86_64, r-oldrel-osx-x86_64