CRAN Package Check Results for Package XLConnect

Last updated on 2020-06-06 16:47:47 CEST.

Flavor Version Tinstall Tcheck Ttotal Status Flags
r-devel-linux-x86_64-debian-clang 1.0.1 10.20 150.37 160.57 OK
r-devel-linux-x86_64-debian-gcc 1.0.1 8.19 115.89 124.08 OK
r-devel-linux-x86_64-fedora-clang 1.0.1 204.47 NOTE
r-devel-linux-x86_64-fedora-gcc 1.0.1 184.16 OK
r-devel-windows-ix86+x86_64 1.0.1 34.00 148.00 182.00 NOTE
r-patched-linux-x86_64 1.0.1 9.81 150.62 160.43 OK
r-release-linux-x86_64 1.0.1 9.97 149.37 159.34 OK
r-release-osx-x86_64 1.0.1 NOTE
r-release-windows-ix86+x86_64 1.0.1 27.00 179.00 206.00 NOTE
r-oldrel-osx-x86_64 1.0.1 NOTE
r-oldrel-windows-ix86+x86_64 1.0.1 35.00 184.00 219.00 NOTE

Check Details

Version: 1.0.1
Check: installed package size
Result: NOTE
     installed size is 28.4Mb
     sub-directories of 1Mb or more:
     java 26.2Mb
Flavors: r-devel-linux-x86_64-fedora-clang, r-devel-windows-ix86+x86_64, r-release-osx-x86_64, r-release-windows-ix86+x86_64, r-oldrel-osx-x86_64, r-oldrel-windows-ix86+x86_64