CRAN Package Check Results for Package XLConnect

Last updated on 2018-05-22 18:47:21 CEST.

Flavor Version Tinstall Tcheck Ttotal Status Flags
r-devel-linux-x86_64-debian-clang 0.2-15 9.16 175.26 184.42 OK
r-devel-linux-x86_64-debian-gcc 0.2-15 6.73 142.60 149.33 OK
r-devel-linux-x86_64-fedora-clang 0.2-15 200.32 NOTE
r-devel-linux-x86_64-fedora-gcc 0.2-15 205.11 NOTE
r-devel-windows-ix86+x86_64 0.2-15 22.00 181.00 203.00 NOTE
r-patched-linux-x86_64 0.2-15 7.14 170.81 177.95 OK
r-patched-solaris-x86 0.2-15 178.40 NOTE
r-release-linux-x86_64 0.2-15 7.83 166.91 174.74 OK
r-release-windows-ix86+x86_64 0.2-15 20.00 122.00 142.00 NOTE
r-release-osx-x86_64 0.2-15 NOTE
r-oldrel-windows-ix86+x86_64 0.2-15 18.00 172.00 190.00 NOTE
r-oldrel-osx-x86_64 0.2-15 NOTE

Check Details

Version: 0.2-15
Check: installed package size
Result: NOTE
     installed size is 12.0Mb
     sub-directories of 1Mb or more:
     java 9.8Mb
Flavors: r-devel-linux-x86_64-fedora-clang, r-devel-linux-x86_64-fedora-gcc, r-devel-windows-ix86+x86_64, r-patched-solaris-x86, r-release-windows-ix86+x86_64, r-release-osx-x86_64, r-oldrel-windows-ix86+x86_64, r-oldrel-osx-x86_64