CRAN Package Check Results for Package XLConnect

Last updated on 2021-01-18 21:49:33 CET.

Flavor Version Tinstall Tcheck Ttotal Status Flags
r-devel-linux-x86_64-debian-clang 1.0.1 10.18 156.73 166.91 OK
r-devel-linux-x86_64-debian-gcc 1.0.1 8.32 122.00 130.32 OK
r-devel-linux-x86_64-fedora-clang 1.0.1 204.90 NOTE
r-devel-linux-x86_64-fedora-gcc 1.0.1 195.38 OK
r-devel-windows-ix86+x86_64 1.0.1 19.00 121.00 140.00 NOTE
r-patched-linux-x86_64 1.0.1 10.21 154.70 164.91 OK
r-release-linux-x86_64 1.0.1 10.28 151.72 162.00 OK
r-release-macos-x86_64 1.0.1 NOTE
r-release-windows-ix86+x86_64 1.0.1 21.00 114.00 135.00 NOTE
r-oldrel-macos-x86_64 1.0.1 NOTE
r-oldrel-windows-ix86+x86_64 1.0.1 18.00 108.00 126.00 NOTE

Check Details

Version: 1.0.1
Check: installed package size
Result: NOTE
     installed size is 28.4Mb
     sub-directories of 1Mb or more:
     java 26.2Mb
Flavors: r-devel-linux-x86_64-fedora-clang, r-devel-windows-ix86+x86_64, r-release-macos-x86_64, r-release-windows-ix86+x86_64, r-oldrel-macos-x86_64, r-oldrel-windows-ix86+x86_64