CRAN Package Check Results for Package XLConnect

Last updated on 2022-11-28 13:08:09 CET.

Flavor Version Tinstall Tcheck Ttotal Status Flags
r-devel-linux-x86_64-debian-clang 1.0.6 10.04 174.71 184.75 OK
r-devel-linux-x86_64-debian-gcc 1.0.6 9.40 137.17 146.57 OK
r-devel-linux-x86_64-fedora-clang 1.0.6 228.02 NOTE
r-devel-linux-x86_64-fedora-gcc 1.0.6 224.18 OK
r-devel-windows-x86_64 1.0.6 210.00 311.00 521.00 NOTE
r-patched-linux-x86_64 1.0.6 14.50 165.83 180.33 OK
r-release-linux-x86_64 1.0.6 10.50 168.26 178.76 OK
r-release-macos-arm64 1.0.6 86.00 NOTE
r-release-macos-x86_64 1.0.6 109.00 NOTE
r-release-windows-x86_64 1.0.6 245.00 307.00 552.00 NOTE
r-oldrel-macos-arm64 1.0.6 76.00 NOTE
r-oldrel-macos-x86_64 1.0.6 107.00 NOTE
r-oldrel-windows-ix86+x86_64 1.0.6 38.00 222.00 260.00 NOTE

Check Details

Version: 1.0.6
Check: installed package size
Result: NOTE
     installed size is 27.0Mb
     sub-directories of 1Mb or more:
     java 24.4Mb
Flavors: r-devel-linux-x86_64-fedora-clang, r-devel-windows-x86_64, r-release-macos-arm64, r-release-macos-x86_64, r-release-windows-x86_64, r-oldrel-macos-arm64, r-oldrel-macos-x86_64, r-oldrel-windows-ix86+x86_64