Last updated on 2023-03-21 12:50:53 CET.
Flavor | Version | Tinstall | Tcheck | Ttotal | Status | Flags |
---|---|---|---|---|---|---|
r-devel-linux-x86_64-debian-clang | 1.0.7 | 10.30 | 180.52 | 190.82 | OK | |
r-devel-linux-x86_64-debian-gcc | 1.0.7 | 9.80 | 134.68 | 144.48 | OK | |
r-devel-linux-x86_64-fedora-clang | 1.0.7 | 232.42 | NOTE | |||
r-devel-linux-x86_64-fedora-gcc | 1.0.7 | 231.20 | OK | |||
r-devel-windows-x86_64 | 1.0.7 | 265.00 | 319.00 | 584.00 | NOTE | |
r-patched-linux-x86_64 | 1.0.7 | 13.41 | 168.00 | 181.41 | OK | |
r-release-linux-x86_64 | 1.0.7 | 10.97 | 173.50 | 184.47 | OK | |
r-release-macos-arm64 | 1.0.7 | 103.00 | NOTE | |||
r-release-macos-x86_64 | 1.0.7 | 113.00 | NOTE | |||
r-release-windows-x86_64 | 1.0.7 | 232.00 | 307.00 | 539.00 | NOTE | |
r-oldrel-macos-arm64 | 1.0.7 | 99.00 | NOTE | |||
r-oldrel-macos-x86_64 | 1.0.7 | 116.00 | NOTE | |||
r-oldrel-windows-ix86+x86_64 | 1.0.7 | 35.00 | 227.00 | 262.00 | NOTE |
Version: 1.0.7
Check: installed package size
Result: NOTE
installed size is 27.0Mb
sub-directories of 1Mb or more:
java 24.5Mb
Flavors: r-devel-linux-x86_64-fedora-clang, r-devel-windows-x86_64, r-release-macos-arm64, r-release-macos-x86_64, r-release-windows-x86_64, r-oldrel-macos-arm64, r-oldrel-macos-x86_64, r-oldrel-windows-ix86+x86_64