CRAN Package Check Results for Package XLConnect

Last updated on 2018-10-20 08:50:30 CEST.

Flavor Version Tinstall Tcheck Ttotal Status Flags
r-devel-linux-x86_64-debian-clang 0.2-15 10.02 176.44 186.46 OK
r-devel-linux-x86_64-debian-gcc 0.2-15 7.15 136.22 143.37 OK
r-devel-linux-x86_64-fedora-clang 0.2-15 222.44 NOTE
r-devel-linux-x86_64-fedora-gcc 0.2-15 207.19 OK
r-devel-windows-ix86+x86_64 0.2-15 22.00 171.00 193.00 NOTE
r-patched-linux-x86_64 0.2-15 8.90 163.64 172.54 OK
r-patched-solaris-x86 0.2-15 167.00 NOTE
r-release-linux-x86_64 0.2-15 7.10 161.45 168.55 OK
r-release-windows-ix86+x86_64 0.2-15 18.00 163.00 181.00 NOTE
r-release-osx-x86_64 0.2-15 NOTE
r-oldrel-windows-ix86+x86_64 0.2-15 13.00 173.00 186.00 NOTE
r-oldrel-osx-x86_64 0.2-15 NOTE

Check Details

Version: 0.2-15
Check: installed package size
Result: NOTE
     installed size is 12.0Mb
     sub-directories of 1Mb or more:
     java 9.8Mb
Flavors: r-devel-linux-x86_64-fedora-clang, r-devel-windows-ix86+x86_64, r-patched-solaris-x86, r-release-windows-ix86+x86_64, r-release-osx-x86_64, r-oldrel-windows-ix86+x86_64, r-oldrel-osx-x86_64