CRAN Package Check Results for Package XLConnectJars

Last updated on 2019-08-24 02:48:47 CEST.

Flavor Version Tinstall Tcheck Ttotal Status Flags
r-devel-linux-x86_64-debian-clang 0.2-15 4.54 29.67 34.21 OK
r-devel-linux-x86_64-debian-gcc 0.2-15 3.28 23.74 27.02 OK
r-devel-linux-x86_64-fedora-clang 0.2-15 39.78 NOTE
r-devel-linux-x86_64-fedora-gcc 0.2-15 39.19 OK
r-devel-windows-ix86+x86_64 0.2-15 13.00 57.00 70.00 NOTE
r-patched-linux-x86_64 0.2-15 3.88 29.47 33.35 OK
r-patched-solaris-x86 0.2-15 68.30 NOTE
r-release-linux-x86_64 0.2-15 4.38 29.47 33.85 OK
r-release-windows-ix86+x86_64 0.2-15 9.00 58.00 67.00 NOTE
r-release-osx-x86_64 0.2-15 NOTE
r-oldrel-windows-ix86+x86_64 0.2-15 8.00 41.00 49.00 NOTE
r-oldrel-osx-x86_64 0.2-15 NOTE

Check Details

Version: 0.2-15
Check: installed package size
Result: NOTE
     installed size is 19.1Mb
     sub-directories of 1Mb or more:
     java 19.0Mb
Flavors: r-devel-linux-x86_64-fedora-clang, r-devel-windows-ix86+x86_64, r-patched-solaris-x86, r-release-windows-ix86+x86_64, r-release-osx-x86_64, r-oldrel-windows-ix86+x86_64, r-oldrel-osx-x86_64