CRAN Package Check Results for Package XLConnectJars

Last updated on 2020-01-21 08:48:23 CET.

Flavor Version Tinstall Tcheck Ttotal Status Flags
r-devel-linux-x86_64-debian-clang 0.2-15 4.35 30.69 35.04 OK
r-devel-linux-x86_64-debian-gcc 0.2-15 3.70 24.03 27.73 OK
r-devel-linux-x86_64-fedora-clang 0.2-15 43.11 NOTE
r-devel-linux-x86_64-fedora-gcc 0.2-15 42.44 OK
r-devel-windows-ix86+x86_64 0.2-15 14.00 49.00 63.00 NOTE
r-devel-windows-ix86+x86_64-gcc8 0.2-15 10.00 53.00 63.00 NOTE
r-patched-linux-x86_64 0.2-15 4.28 27.71 31.99 OK
r-patched-solaris-x86 0.2-15 62.50 NOTE
r-release-linux-x86_64 0.2-15 3.34 27.79 31.13 OK
r-release-windows-ix86+x86_64 0.2-15 9.00 58.00 67.00 NOTE
r-release-osx-x86_64 0.2-15 NOTE
r-oldrel-windows-ix86+x86_64 0.2-15 8.00 41.00 49.00 NOTE
r-oldrel-osx-x86_64 0.2-15 NOTE

Check Details

Version: 0.2-15
Check: installed package size
Result: NOTE
     installed size is 19.1Mb
     sub-directories of 1Mb or more:
     java 19.0Mb
Flavors: r-devel-linux-x86_64-fedora-clang, r-devel-windows-ix86+x86_64, r-devel-windows-ix86+x86_64-gcc8, r-patched-solaris-x86, r-release-windows-ix86+x86_64, r-release-osx-x86_64, r-oldrel-windows-ix86+x86_64, r-oldrel-osx-x86_64