CRAN Package Check Results for Package XML

Last updated on 2021-01-26 16:48:01 CET.

Flavor Version Tinstall Tcheck Ttotal Status Flags
r-devel-linux-x86_64-debian-clang 3.99-0.5 25.21 84.03 109.24 OK
r-devel-linux-x86_64-debian-gcc 3.99-0.5 20.76 62.73 83.49 OK
r-devel-linux-x86_64-fedora-clang 3.99-0.5 140.78 OK
r-devel-linux-x86_64-fedora-gcc 3.99-0.5 130.28 OK
r-devel-windows-ix86+x86_64 3.99-0.5 55.00 143.00 198.00 NOTE
r-patched-linux-x86_64 3.99-0.5 24.22 78.72 102.94 OK
r-patched-solaris-x86 3.99-0.5 159.90 OK
r-release-linux-x86_64 3.99-0.5 22.47 79.04 101.51 OK
r-release-macos-x86_64 3.99-0.5 NOTE
r-release-windows-ix86+x86_64 3.99-0.5 45.00 137.00 182.00 NOTE
r-oldrel-macos-x86_64 3.99-0.5 ERROR
r-oldrel-windows-ix86+x86_64 3.99-0.3 53.00 113.00 166.00 NOTE

Check Details

Version: 3.99-0.5
Check: installed package size
Result: NOTE
     installed size is 7.1Mb
     sub-directories of 1Mb or more:
     exampleData 1.3Mb
     libs 4.2Mb
Flavors: r-devel-windows-ix86+x86_64, r-release-macos-x86_64, r-release-windows-ix86+x86_64

Version: 3.99-0.5
Check: whether package can be installed
Result: ERROR
    Installation failed.
Flavor: r-oldrel-macos-x86_64

Version: 3.99-0.3
Check: installed package size
Result: NOTE
     installed size is 7.1Mb
     sub-directories of 1Mb or more:
     exampleData 1.3Mb
     libs 4.2Mb
Flavor: r-oldrel-windows-ix86+x86_64