CRAN Package Check Results for Package XML

Last updated on 2022-08-14 05:49:09 CEST.

Flavor Version Tinstall Tcheck Ttotal Status Flags
r-devel-linux-x86_64-debian-clang 3.99-0.10 26.78 93.78 120.56 OK
r-devel-linux-x86_64-debian-gcc 3.99-0.10 19.41 68.07 87.48 OK
r-devel-linux-x86_64-fedora-clang 3.99-0.10 167.87 OK
r-devel-linux-x86_64-fedora-gcc 3.99-0.10 148.38 OK
r-devel-windows-x86_64 3.99-0.10 167.00 127.00 294.00 NOTE
r-patched-linux-x86_64 3.99-0.10 26.81 87.96 114.77 OK
r-release-linux-x86_64 3.99-0.10 25.09 88.22 113.31 OK
r-release-macos-arm64 3.99-0.10 51.00 OK
r-release-macos-x86_64 3.99-0.10 79.00 OK
r-release-windows-x86_64 3.99-0.10 139.00 128.00 267.00 NOTE
r-oldrel-macos-arm64 3.99-0.10 49.00 OK
r-oldrel-macos-x86_64 3.99-0.10 78.00 OK
r-oldrel-windows-ix86+x86_64 3.99-0.10 55.00 144.00 199.00 NOTE

Check Details

Version: 3.99-0.10
Check: installed package size
Result: NOTE
     installed size is 5.2Mb
     sub-directories of 1Mb or more:
     exampleData 1.3Mb
     libs 2.2Mb
Flavors: r-devel-windows-x86_64, r-release-windows-x86_64, r-oldrel-windows-ix86+x86_64