CRAN Package Check Results for Package XNomial

Last updated on 2020-11-30 18:51:33 CET.

Flavor Version Tinstall Tcheck Ttotal Status Flags
r-devel-linux-x86_64-debian-clang 1.0.4 3.96 26.08 30.04 OK
r-devel-linux-x86_64-debian-gcc 1.0.4 3.04 20.10 23.14 OK
r-devel-linux-x86_64-fedora-clang 1.0.4 41.97 NOTE
r-devel-linux-x86_64-fedora-gcc 1.0.4 34.71 NOTE
r-devel-windows-ix86+x86_64 1.0.4 8.00 48.00 56.00 OK
r-patched-linux-x86_64 1.0.4 3.83 25.53 29.36 OK
r-patched-solaris-x86 1.0.4 57.80 OK
r-release-linux-x86_64 1.0.4 4.13 24.85 28.98 OK
r-release-macos-x86_64 1.0.4 OK
r-release-windows-ix86+x86_64 1.0.4 9.00 39.00 48.00 OK
r-oldrel-macos-x86_64 1.0.4 OK
r-oldrel-windows-ix86+x86_64 1.0.4 7.00 48.00 55.00 OK

Check Details

Version: 1.0.4
Check: compiled code
Result: NOTE
    File ‘XNomial/libs/XNomial.so’:
     Found no calls to: ‘R_registerRoutines’, ‘R_useDynamicSymbols’
    
    It is good practice to register native routines and to disable symbol
    search.
    
    See ‘Writing portable packages’ in the ‘Writing R Extensions’ manual.
Flavors: r-devel-linux-x86_64-fedora-clang, r-devel-linux-x86_64-fedora-gcc