CRAN Package Check Results for Package XR

Last updated on 2018-02-21 01:48:00 CET.

Flavor Version Tinstall Tcheck Ttotal Status Flags
r-devel-linux-x86_64-debian-clang 0.7.1 5.07 29.69 34.76 OK
r-devel-linux-x86_64-debian-gcc 0.7.1 4.64 23.28 27.92 OK
r-devel-linux-x86_64-fedora-clang 0.7.1 43.92 WARN
r-devel-linux-x86_64-fedora-gcc 0.7.1 41.94 WARN
r-devel-windows-ix86+x86_64 0.7.1 11.00 38.00 49.00 OK
r-patched-linux-x86_64 0.7.1 2.39 30.84 33.23 OK
r-patched-solaris-x86 0.7.1 47.90 OK
r-release-linux-x86_64 0.7.1 2.29 29.99 32.28 OK
r-release-windows-ix86+x86_64 0.7.1 8.00 45.00 53.00 OK
r-release-osx-x86_64 0.7.1 OK
r-oldrel-windows-ix86+x86_64 0.7.1 6.00 46.00 52.00 OK
r-oldrel-osx-x86_64 0.7.1 OK

Check Details

Version: 0.7.1
Check: whether package can be installed
Result: WARN
    Found the following significant warnings:
     Note: break may be used in wrong context: no loop is visible
Flavors: r-devel-linux-x86_64-fedora-clang, r-devel-linux-x86_64-fedora-gcc