Last updated on 2023-11-29 14:50:08 CET.
Flavor | Version | Tinstall | Tcheck | Ttotal | Status | Flags |
---|---|---|---|---|---|---|
r-devel-linux-x86_64-debian-clang | 0.0.1 | 284.73 | 205.70 | 490.43 | NOTE | |
r-devel-linux-x86_64-debian-gcc | 0.0.1 | 254.81 | 166.24 | 421.05 | NOTE | |
r-devel-linux-x86_64-fedora-clang | 0.0.1 | 624.08 | NOTE | |||
r-devel-linux-x86_64-fedora-gcc | 0.0.1 | 749.35 | NOTE | |||
r-devel-windows-x86_64 | 0.0.1 | 219.00 | 193.00 | 412.00 | NOTE | |
r-patched-linux-x86_64 | 0.0.1 | 262.20 | 213.96 | 476.16 | NOTE | |
r-release-linux-x86_64 | 0.0.1 | 222.65 | 218.68 | 441.33 | NOTE | |
r-release-macos-arm64 | 0.0.1 | 164.00 | NOTE | |||
r-release-macos-x86_64 | 0.0.1 | 251.00 | NOTE | |||
r-release-windows-x86_64 | 0.0.1 | 300.00 | 225.00 | 525.00 | NOTE | |
r-oldrel-macos-arm64 | 0.0.1 | 127.00 | NOTE | |||
r-oldrel-macos-x86_64 | 0.0.1 | 233.00 | NOTE | |||
r-oldrel-windows-x86_64 | 0.0.1 | 274.00 | 216.00 | 490.00 | NOTE |
Version: 0.0.1
Check: for GNU extensions in Makefiles
Result: NOTE
GNU make is a SystemRequirements.
Flavors: r-devel-linux-x86_64-debian-clang, r-devel-linux-x86_64-debian-gcc, r-devel-linux-x86_64-fedora-clang, r-devel-linux-x86_64-fedora-gcc, r-devel-windows-x86_64, r-patched-linux-x86_64, r-release-linux-x86_64, r-release-macos-arm64, r-release-macos-x86_64, r-release-windows-x86_64, r-oldrel-macos-arm64, r-oldrel-macos-x86_64, r-oldrel-windows-x86_64
Version: 0.0.1
Check: dependencies in R code
Result: NOTE
Namespace in Imports field not imported from: ‘rstantools’
All declared Imports should be used.
Flavors: r-devel-linux-x86_64-fedora-clang, r-devel-linux-x86_64-fedora-gcc, r-oldrel-macos-arm64, r-oldrel-macos-x86_64
Version: 0.0.1
Check: installed package size
Result: NOTE
installed size is 45.0Mb
sub-directories of 1Mb or more:
libs 44.7Mb
Flavors: r-release-macos-arm64, r-release-macos-x86_64, r-oldrel-macos-arm64, r-oldrel-macos-x86_64