CRAN Package Check Results for Package YaleToolkit

Last updated on 2020-03-30 09:51:47 CEST.

Flavor Version Tinstall Tcheck Ttotal Status Flags
r-devel-linux-x86_64-debian-clang 4.2.2 3.06 25.08 28.14 NOTE
r-devel-linux-x86_64-debian-gcc 4.2.2 2.33 20.08 22.41 NOTE
r-devel-linux-x86_64-fedora-clang 4.2.2 34.11 NOTE
r-devel-linux-x86_64-fedora-gcc 4.2.2 33.22 NOTE
r-devel-windows-ix86+x86_64 4.2.2 7.00 37.00 44.00 NOTE
r-devel-windows-ix86+x86_64-gcc8 4.2.2 5.00 40.00 45.00 NOTE
r-patched-linux-x86_64 4.2.2 2.80 24.80 27.60 NOTE
r-patched-solaris-x86 4.2.2 54.70 NOTE
r-release-linux-x86_64 4.2.2 2.36 23.51 25.87 NOTE
r-release-windows-ix86+x86_64 4.2.2 7.00 55.00 62.00 NOTE
r-release-osx-x86_64 4.2.2 NOTE
r-oldrel-windows-ix86+x86_64 4.2.2 5.00 48.00 53.00 NOTE
r-oldrel-osx-x86_64 4.2.2 NOTE

Check Details

Version: 4.2.2
Check: DESCRIPTION meta-information
Result: NOTE
    Malformed Title field: should not end in a period.
Flavors: r-devel-linux-x86_64-debian-clang, r-devel-linux-x86_64-debian-gcc, r-devel-linux-x86_64-fedora-clang, r-devel-linux-x86_64-fedora-gcc, r-devel-windows-ix86+x86_64, r-devel-windows-ix86+x86_64-gcc8, r-patched-linux-x86_64, r-patched-solaris-x86, r-release-linux-x86_64, r-release-windows-ix86+x86_64, r-release-osx-x86_64, r-oldrel-windows-ix86+x86_64, r-oldrel-osx-x86_64

Version: 4.2.2
Check: R code for possible problems
Result: NOTE
    big.read.table: no visible global function definition for 'read.table'
    big.read.table: no visible global function definition for 'object.size'
    sparkline: no visible global function definition for 'is.ts'
    sparkline: no visible global function definition for 'time'
    sparkline: no visible global function definition for 'boxplot'
    Undefined global functions or variables:
     boxplot is.ts object.size read.table time
    Consider adding
     importFrom("graphics", "boxplot")
     importFrom("stats", "is.ts", "time")
     importFrom("utils", "object.size", "read.table")
    to your NAMESPACE file.
Flavors: r-devel-linux-x86_64-debian-clang, r-devel-linux-x86_64-debian-gcc, r-devel-linux-x86_64-fedora-clang, r-devel-linux-x86_64-fedora-gcc, r-devel-windows-ix86+x86_64, r-devel-windows-ix86+x86_64-gcc8, r-patched-linux-x86_64, r-patched-solaris-x86, r-release-linux-x86_64, r-release-windows-ix86+x86_64, r-release-osx-x86_64, r-oldrel-windows-ix86+x86_64, r-oldrel-osx-x86_64

Version: 4.2.2
Check: for non-standard things in the check directory
Result: NOTE
    Found the following files/directories:
     'CO2.csv'
Flavors: r-devel-linux-x86_64-debian-clang, r-devel-linux-x86_64-debian-gcc, r-devel-linux-x86_64-fedora-clang, r-devel-linux-x86_64-fedora-gcc, r-patched-linux-x86_64, r-patched-solaris-x86