CRAN Package Check Results for Package YatesAlgo.FactorialExp.SR

Last updated on 2021-08-01 01:52:11 CEST.

Flavor Version Tinstall Tcheck Ttotal Status Flags
r-devel-linux-x86_64-debian-clang 4.0.4 1.63 20.10 21.73 OK
r-devel-linux-x86_64-debian-gcc 4.0.4 1.42 15.91 17.33 OK
r-devel-linux-x86_64-fedora-clang 4.0.4 36.23 NOTE
r-devel-linux-x86_64-fedora-gcc 4.0.4 24.67 NOTE
r-devel-windows-x86_64 4.0.4 3.00 34.00 37.00 OK
r-devel-windows-x86_64-gcc10-UCRT 4.0.4 NOTE
r-patched-linux-x86_64 4.0.4 OK
r-patched-solaris-x86 4.0.4 39.80 NOTE
r-release-linux-x86_64 4.0.4 1.72 19.22 20.94 OK
r-release-macos-arm64 4.0.4 NOTE
r-release-macos-x86_64 4.0.4 NOTE
r-release-windows-ix86+x86_64 4.0.4 5.00 27.00 32.00 OK
r-oldrel-macos-x86_64 4.0.4 NOTE
r-oldrel-windows-ix86+x86_64 4.0.4 4.00 35.00 39.00 OK

Check Details

Version: 4.0.4
Check: dependencies in R code
Result: NOTE
    Namespace in Imports field not imported from: ‘lubridate’
     All declared Imports should be used.
Flavors: r-devel-linux-x86_64-fedora-clang, r-devel-linux-x86_64-fedora-gcc, r-devel-windows-x86_64-gcc10-UCRT, r-patched-solaris-x86, r-release-macos-arm64, r-release-macos-x86_64, r-oldrel-macos-x86_64