CRAN Package Check Results for Package YatesAlgo.FactorialExp.SR

Last updated on 2023-12-09 11:49:43 CET.

Flavor Version Tinstall Tcheck Ttotal Status Flags
r-devel-linux-x86_64-debian-clang 4.0.4 2.10 19.27 21.37 OK
r-devel-linux-x86_64-debian-gcc 4.0.4 1.63 15.10 16.73 OK
r-devel-linux-x86_64-fedora-clang 4.0.4 27.24 NOTE
r-devel-linux-x86_64-fedora-gcc 4.0.4 25.33 NOTE
r-devel-windows-x86_64 4.0.4 3.00 37.00 40.00 OK
r-patched-linux-x86_64 4.0.4 2.00 19.17 21.17 OK
r-release-linux-x86_64 4.0.4 1.98 19.17 21.15 OK
r-release-macos-arm64 4.0.4 15.00 OK
r-release-macos-x86_64 4.0.4 17.00 OK
r-release-windows-x86_64 4.0.4 3.00 35.00 38.00 OK
r-oldrel-macos-arm64 4.0.4 14.00 NOTE
r-oldrel-macos-x86_64 4.0.4 18.00 NOTE
r-oldrel-windows-x86_64 4.0.4 3.00 39.00 42.00 OK

Check Details

Version: 4.0.4
Check: dependencies in R code
Result: NOTE Namespace in Imports field not imported from: ‘lubridate’ All declared Imports should be used. Flavors: r-devel-linux-x86_64-fedora-clang, r-devel-linux-x86_64-fedora-gcc, r-oldrel-macos-arm64, r-oldrel-macos-x86_64