CRAN Package Check Results for Package ZIBseq

Last updated on 2019-03-22 11:53:23 CET.

Flavor Version Tinstall Tcheck Ttotal Status Flags
r-devel-linux-x86_64-debian-clang 1.2 6.98 54.95 61.93 OK
r-devel-linux-x86_64-debian-gcc 1.2 4.83 43.88 48.71 OK
r-devel-linux-x86_64-fedora-clang 1.2 77.04 OK
r-devel-linux-x86_64-fedora-gcc 1.2 71.41 OK
r-devel-windows-ix86+x86_64 1.2 17.00 68.00 85.00 OK
r-patched-linux-x86_64 1.2 3.50 52.14 55.64 NOTE
r-patched-solaris-x86 1.2 115.00 OK
r-release-linux-x86_64 1.2 3.42 53.07 56.49 NOTE
r-release-windows-ix86+x86_64 1.2 10.00 87.00 97.00 OK
r-release-osx-x86_64 1.2 OK
r-oldrel-windows-ix86+x86_64 1.2 12.00 90.00 102.00 OK
r-oldrel-osx-x86_64 1.2 OK

Check Details

Version: 1.2
Check: DESCRIPTION meta-information
Result: NOTE
    Dependence on R version ‘3.3.1’ not with patchlevel 0
Flavors: r-patched-linux-x86_64, r-release-linux-x86_64